{"id":5989,"date":"2022-01-11T18:10:43","date_gmt":"2022-01-11T21:10:43","guid":{"rendered":"https:\/\/emprenderenfiestas.com.ar\/?post_type=product&#038;p=5989"},"modified":"2025-08-21T13:09:45","modified_gmt":"2025-08-21T16:09:45","slug":"curso-scanncut-papeleria-para-eventos-modulo-3-diseno-canvas-workspace","status":"publish","type":"product","link":"https:\/\/emprenderenfiestas.com\/index.php\/product\/curso-scanncut-papeleria-para-eventos-modulo-3-diseno-canvas-workspace\/","title":{"rendered":"Curso SCANNCUT &#8211; Papeler\u00eda para eventos &#8211; m\u00f3dulo 3: DISE\u00d1O CON CANVAS WORKSPACE"},"content":{"rendered":"\t\t<div data-elementor-type=\"wp-post\" data-elementor-id=\"5989\" class=\"elementor elementor-5989\" data-elementor-post-type=\"product\">\n\t\t\t\t\t\t<section class=\"elementor-section elementor-top-section elementor-element elementor-element-3591ddd3 elementor-section-boxed elementor-section-height-default elementor-section-height-default\" data-id=\"3591ddd3\" data-element_type=\"section\" data-e-type=\"section\">\n\t\t\t\t\t\t<div class=\"elementor-container elementor-column-gap-default\">\n\t\t\t\t\t<div class=\"elementor-column elementor-col-100 elementor-top-column elementor-element elementor-element-49dcb15\" data-id=\"49dcb15\" data-element_type=\"column\" data-e-type=\"column\">\n\t\t\t<div class=\"elementor-widget-wrap elementor-element-populated\">\n\t\t\t\t\t\t<div class=\"elementor-element elementor-element-78e43a6b elementor-widget elementor-widget-text-editor\" data-id=\"78e43a6b\" data-element_type=\"widget\" data-e-type=\"widget\" data-widget_type=\"text-editor.default\">\n\t\t\t\t<div class=\"elementor-widget-container\">\n\t\t\t\t\t\t\t\t\t<h4>TEMARIO:<\/h4><ul><li>Configuraci\u00f3n inicial y reconocimiento del plotter, accesorios y materiales. (esta introducci\u00f3n es com\u00fan a todos los m\u00f3dulos).<\/li><li>Canvas Workspace versi\u00f3n online y descarga de programa.<\/li><li>Emparejamiento del usuario con el plotter (Registro).<\/li><li>Dise\u00f1os b\u00e1sicos y reconocimiento de todas las herramientas de dise\u00f1o.<\/li><li>Creaci\u00f3n de dise\u00f1os propios.<\/li><li>Dise\u00f1os de la biblioteca. Edici\u00f3n \/ Adaptaci\u00f3n de los mismos.<\/li><li>Importar archivos SVG.<\/li><li>Importar imagen y reconocer l\u00edneas de corte.<\/li><li>Enviar cortes al plotter.<\/li><li>Crear un packaging desde cero.<\/li><li>Proyecto final, letra 3D.<\/li><\/ul><div>\u00a0<\/div><h4>IMPORTANTE:<\/h4><p>Este curso no sirve para otras marcas de plotters, solo para Brother, modelos SCANNCUT.<\/p><p>No es presencial. Est\u00e1 grabado y lo ves online las veces que quieras, para siempre.<\/p>\t\t\t\t\t\t\t\t<\/div>\n\t\t\t\t<\/div>\n\t\t\t\t\t<\/div>\n\t\t<\/div>\n\t\t\t\t\t<\/div>\n\t\t<\/section>\n\t\t\t\t<section class=\"elementor-section elementor-top-section elementor-element elementor-element-37c56d5 elementor-section-boxed elementor-section-height-default elementor-section-height-default\" data-id=\"37c56d5\" data-element_type=\"section\" data-e-type=\"section\">\n\t\t\t\t\t\t<div class=\"elementor-container elementor-column-gap-default\">\n\t\t\t\t\t<div class=\"elementor-column elementor-col-100 elementor-top-column elementor-element elementor-element-81dbd44\" data-id=\"81dbd44\" data-element_type=\"column\" data-e-type=\"column\">\n\t\t\t<div class=\"elementor-widget-wrap\">\n\t\t\t\t\t\t\t<\/div>\n\t\t<\/div>\n\t\t\t\t\t<\/div>\n\t\t<\/section>\n\t\t<div class=\"elementor-element elementor-element-b67bda4 e-flex e-con-boxed e-con e-parent\" data-id=\"b67bda4\" data-element_type=\"container\" data-e-type=\"container\">\n\t\t\t\t\t<div class=\"e-con-inner\">\n\t\t\t\t<div class=\"elementor-element elementor-element-cd284fc elementor-widget elementor-widget-video\" data-id=\"cd284fc\" data-element_type=\"widget\" data-e-type=\"widget\" data-settings=\"{&quot;youtube_url&quot;:&quot;https:\\\/\\\/youtu.be\\\/AEoddlOu-5E&quot;,&quot;autoplay&quot;:&quot;yes&quot;,&quot;play_on_mobile&quot;:&quot;yes&quot;,&quot;mute&quot;:&quot;yes&quot;,&quot;loop&quot;:&quot;yes&quot;,&quot;lazy_load&quot;:&quot;yes&quot;,&quot;video_type&quot;:&quot;youtube&quot;,&quot;controls&quot;:&quot;yes&quot;}\" data-widget_type=\"video.default\">\n\t\t\t\t<div class=\"elementor-widget-container\">\n\t\t\t\t\t\t\t<div class=\"elementor-wrapper elementor-open-inline\">\n\t\t\t<div class=\"elementor-video\"><\/div>\t\t<\/div>\n\t\t\t\t\t\t<\/div>\n\t\t\t\t<\/div>\n\t\t\t\t\t<\/div>\n\t\t\t\t<\/div>\n\t\t\t\t<\/div>\n\t\t","protected":false},"excerpt":{"rendered":"<p>Aprend\u00e9 a sacarle provecho a tu SCANNCUT Brother (sirve para todos los modelos).<\/p>\n<p>El curso est\u00e1 compuesto por 5 m\u00f3dulos. Pod\u00e9s comprar solo el que te hace falta o todos juntos.<\/p>\n<p>Se estrenar\u00e1n los m\u00f3dulos seg\u00fan cronograma a confirmar, a partir del 19 de enero 2022 en adelante.<\/p>\n<p>Este m\u00f3dulo es el n\u00b0 3: DISE\u00d1O CON CANVAS WORKSPACE<\/p>\n<p>Si ya ten\u00e9s nociones b\u00e1sicas de la m\u00e1quina, pero no ten\u00e9s ning\u00fan conocimiento de dise\u00f1o con Canvas Workspace, este m\u00f3dulo del curso es para vos.<\/p>\n","protected":false},"featured_media":19646,"comment_status":"open","ping_status":"closed","template":"","meta":{"site-sidebar-layout":"default","site-content-layout":"default","ast-site-content-layout":"default","site-content-style":"default","site-sidebar-style":"default","ast-global-header-display":"","ast-banner-title-visibility":"","ast-main-header-display":"","ast-hfb-above-header-display":"","ast-hfb-below-header-display":"","ast-hfb-mobile-header-display":"","site-post-title":"","ast-breadcrumbs-content":"","ast-featured-img":"","footer-sml-layout":"","ast-disable-related-posts":"","theme-transparent-header-meta":"default","adv-header-id-meta":"","stick-header-meta":"","header-above-stick-meta":"","header-main-stick-meta":"","header-below-stick-meta":"","astra-migrate-meta-layouts":"default","ast-page-background-enabled":"default","ast-page-background-meta":{"desktop":{"background-color":"var(--ast-global-color-4)","background-image":"","background-repeat":"repeat","background-position":"center center","background-size":"auto","background-attachment":"scroll","background-type":"","background-media":"","overlay-type":"","overlay-color":"","overlay-opacity":"","overlay-gradient":""},"tablet":{"background-color":"","background-image":"","background-repeat":"repeat","background-position":"center center","background-size":"auto","background-attachment":"scroll","background-type":"","background-media":"","overlay-type":"","overlay-color":"","overlay-opacity":"","overlay-gradient":""},"mobile":{"background-color":"","background-image":"","background-repeat":"repeat","background-position":"center center","background-size":"auto","background-attachment":"scroll","background-type":"","background-media":"","overlay-type":"","overlay-color":"","overlay-opacity":"","overlay-gradient":""}},"ast-content-background-meta":{"desktop":{"background-color":"var(--ast-global-color-5)","background-image":"","background-repeat":"repeat","background-position":"center center","background-size":"auto","background-attachment":"scroll","background-type":"","background-media":"","overlay-type":"","overlay-color":"","overlay-opacity":"","overlay-gradient":""},"tablet":{"background-color":"var(--ast-global-color-5)","background-image":"","background-repeat":"repeat","background-position":"center center","background-size":"auto","background-attachment":"scroll","background-type":"","background-media":"","overlay-type":"","overlay-color":"","overlay-opacity":"","overlay-gradient":""},"mobile":{"background-color":"var(--ast-global-color-5)","background-image":"","background-repeat":"repeat","background-position":"center center","background-size":"auto","background-attachment":"scroll","background-type":"","background-media":"","overlay-type":"","overlay-color":"","overlay-opacity":"","overlay-gradient":""}},"jetpack_post_was_ever_published":false,"jetpack_publicize_message":"","jetpack_publicize_feature_enabled":true,"jetpack_social_post_already_shared":false,"jetpack_social_options":{"image_generator_settings":{"template":"highway","default_image_id":0,"font":"","enabled":false},"version":2}},"product_brand":[],"product_cat":[416,414,417,15,415],"product_tag":[34],"class_list":{"0":"post-5989","1":"product","2":"type-product","3":"status-publish","4":"has-post-thumbnail","6":"product_cat-modalidad","7":"product_cat-nivel","8":"product_cat-programa","9":"product_cat-uncategorized","10":"product_cat-tematica","11":"product_tag-scanncut","12":"desktop-align-center","13":"tablet-align-left","14":"mobile-align-left","16":"first","17":"outofstock","18":"virtual","19":"purchasable","20":"product-type-simple"},"yoast_head":"<!-- This site is optimized with the Yoast SEO plugin v27.4 - https:\/\/yoast.com\/product\/yoast-seo-wordpress\/ -->\n<title>Curso SCANNCUT - Papeler\u00eda para eventos - m\u00f3dulo 3: DISE\u00d1O CON CANVAS WORKSPACE - emprenderenfiestas.com<\/title>\n<meta name=\"description\" content=\"Aprend\u00e9 a sacarle provecho a tu SCANNCUT Brother con el curso de Papeler\u00eda para eventos. Dise\u00f1\u00e1 en Canvas Workspace desde cero.\" \/>\n<meta name=\"robots\" content=\"index, follow, max-snippet:-1, max-image-preview:large, max-video-preview:-1\" \/>\n<link rel=\"canonical\" href=\"https:\/\/emprenderenfiestas.com\/index.php\/product\/curso-scanncut-papeleria-para-eventos-modulo-3-diseno-canvas-workspace\/\" \/>\n<meta property=\"og:locale\" content=\"es_ES\" \/>\n<meta property=\"og:type\" content=\"article\" \/>\n<meta property=\"og:title\" content=\"Curso SCANNCUT - Papeler\u00eda para eventos - m\u00f3dulo 3: DISE\u00d1O CON CANVAS WORKSPACE - emprenderenfiestas.com\" \/>\n<meta property=\"og:description\" content=\"Aprend\u00e9 a sacarle provecho a tu SCANNCUT Brother con el curso de Papeler\u00eda para eventos. Dise\u00f1\u00e1 en Canvas Workspace desde cero.\" \/>\n<meta property=\"og:url\" content=\"https:\/\/emprenderenfiestas.com\/index.php\/product\/curso-scanncut-papeleria-para-eventos-modulo-3-diseno-canvas-workspace\/\" \/>\n<meta property=\"og:site_name\" content=\"emprenderenfiestas.com\" \/>\n<meta property=\"article:modified_time\" content=\"2025-08-21T16:09:45+00:00\" \/>\n<meta property=\"og:image\" content=\"https:\/\/emprenderenfiestas.com\/wp-content\/uploads\/2023\/07\/3.png\" \/>\n\t<meta property=\"og:image:width\" content=\"1080\" \/>\n\t<meta property=\"og:image:height\" content=\"1350\" \/>\n\t<meta property=\"og:image:type\" content=\"image\/png\" \/>\n<meta name=\"twitter:card\" content=\"summary_large_image\" \/>\n<meta name=\"twitter:label1\" content=\"Tiempo de lectura\" \/>\n\t<meta name=\"twitter:data1\" content=\"1 minuto\" \/>\n<script type=\"application\/ld+json\" class=\"yoast-schema-graph\">{\"@context\":\"https:\\\/\\\/schema.org\",\"@graph\":[{\"@type\":\"WebPage\",\"@id\":\"https:\\\/\\\/emprenderenfiestas.com\\\/index.php\\\/product\\\/curso-scanncut-papeleria-para-eventos-modulo-3-diseno-canvas-workspace\\\/\",\"url\":\"https:\\\/\\\/emprenderenfiestas.com\\\/index.php\\\/product\\\/curso-scanncut-papeleria-para-eventos-modulo-3-diseno-canvas-workspace\\\/\",\"name\":\"Curso SCANNCUT - Papeler\u00eda para eventos - m\u00f3dulo 3: DISE\u00d1O CON CANVAS WORKSPACE - emprenderenfiestas.com\",\"isPartOf\":{\"@id\":\"https:\\\/\\\/emprenderenfiestas.com\\\/#website\"},\"primaryImageOfPage\":{\"@id\":\"https:\\\/\\\/emprenderenfiestas.com\\\/index.php\\\/product\\\/curso-scanncut-papeleria-para-eventos-modulo-3-diseno-canvas-workspace\\\/#primaryimage\"},\"image\":{\"@id\":\"https:\\\/\\\/emprenderenfiestas.com\\\/index.php\\\/product\\\/curso-scanncut-papeleria-para-eventos-modulo-3-diseno-canvas-workspace\\\/#primaryimage\"},\"thumbnailUrl\":\"https:\\\/\\\/i0.wp.com\\\/emprenderenfiestas.com\\\/wp-content\\\/uploads\\\/2023\\\/07\\\/3.png?fit=1080%2C1350&ssl=1\",\"datePublished\":\"2022-01-11T21:10:43+00:00\",\"dateModified\":\"2025-08-21T16:09:45+00:00\",\"description\":\"Aprend\u00e9 a sacarle provecho a tu SCANNCUT Brother con el curso de Papeler\u00eda para eventos. Dise\u00f1\u00e1 en Canvas Workspace desde cero.\",\"breadcrumb\":{\"@id\":\"https:\\\/\\\/emprenderenfiestas.com\\\/index.php\\\/product\\\/curso-scanncut-papeleria-para-eventos-modulo-3-diseno-canvas-workspace\\\/#breadcrumb\"},\"inLanguage\":\"es-AR\",\"potentialAction\":[{\"@type\":\"ReadAction\",\"target\":[\"https:\\\/\\\/emprenderenfiestas.com\\\/index.php\\\/product\\\/curso-scanncut-papeleria-para-eventos-modulo-3-diseno-canvas-workspace\\\/\"]}]},{\"@type\":\"ImageObject\",\"inLanguage\":\"es-AR\",\"@id\":\"https:\\\/\\\/emprenderenfiestas.com\\\/index.php\\\/product\\\/curso-scanncut-papeleria-para-eventos-modulo-3-diseno-canvas-workspace\\\/#primaryimage\",\"url\":\"https:\\\/\\\/i0.wp.com\\\/emprenderenfiestas.com\\\/wp-content\\\/uploads\\\/2023\\\/07\\\/3.png?fit=1080%2C1350&ssl=1\",\"contentUrl\":\"https:\\\/\\\/i0.wp.com\\\/emprenderenfiestas.com\\\/wp-content\\\/uploads\\\/2023\\\/07\\\/3.png?fit=1080%2C1350&ssl=1\",\"width\":1080,\"height\":1350},{\"@type\":\"BreadcrumbList\",\"@id\":\"https:\\\/\\\/emprenderenfiestas.com\\\/index.php\\\/product\\\/curso-scanncut-papeleria-para-eventos-modulo-3-diseno-canvas-workspace\\\/#breadcrumb\",\"itemListElement\":[{\"@type\":\"ListItem\",\"position\":1,\"name\":\"Inicio\",\"item\":\"https:\\\/\\\/emprenderenfiestas.com\\\/\"},{\"@type\":\"ListItem\",\"position\":2,\"name\":\"Shop\",\"item\":\"https:\\\/\\\/emprenderenfiestas.com\\\/index.php\\\/shop\\\/\"},{\"@type\":\"ListItem\",\"position\":3,\"name\":\"Curso SCANNCUT &#8211; Papeler\u00eda para eventos &#8211; m\u00f3dulo 3: DISE\u00d1O CON CANVAS WORKSPACE\"}]},{\"@type\":\"WebSite\",\"@id\":\"https:\\\/\\\/emprenderenfiestas.com\\\/#website\",\"url\":\"https:\\\/\\\/emprenderenfiestas.com\\\/\",\"name\":\"Emprender en Fiestas\",\"description\":\"Cursos para emprender en eventos\",\"publisher\":{\"@id\":\"https:\\\/\\\/emprenderenfiestas.com\\\/#\\\/schema\\\/person\\\/7ae3f63e8e0d298333f421659b10fec6\"},\"potentialAction\":[{\"@type\":\"SearchAction\",\"target\":{\"@type\":\"EntryPoint\",\"urlTemplate\":\"https:\\\/\\\/emprenderenfiestas.com\\\/?s={search_term_string}\"},\"query-input\":{\"@type\":\"PropertyValueSpecification\",\"valueRequired\":true,\"valueName\":\"search_term_string\"}}],\"inLanguage\":\"es-AR\"},{\"@type\":[\"Person\",\"Organization\"],\"@id\":\"https:\\\/\\\/emprenderenfiestas.com\\\/#\\\/schema\\\/person\\\/7ae3f63e8e0d298333f421659b10fec6\",\"name\":\"Daniela Dana\",\"image\":{\"@type\":\"ImageObject\",\"inLanguage\":\"es-AR\",\"@id\":\"https:\\\/\\\/i0.wp.com\\\/emprenderenfiestas.com\\\/wp-content\\\/uploads\\\/2023\\\/06\\\/Mesa-de-trabajo-3%402x-e1742245783883.png?fit=2400%2C928&ssl=1\",\"url\":\"https:\\\/\\\/i0.wp.com\\\/emprenderenfiestas.com\\\/wp-content\\\/uploads\\\/2023\\\/06\\\/Mesa-de-trabajo-3%402x-e1742245783883.png?fit=2400%2C928&ssl=1\",\"contentUrl\":\"https:\\\/\\\/i0.wp.com\\\/emprenderenfiestas.com\\\/wp-content\\\/uploads\\\/2023\\\/06\\\/Mesa-de-trabajo-3%402x-e1742245783883.png?fit=2400%2C928&ssl=1\",\"width\":2400,\"height\":928,\"caption\":\"Daniela Dana\"},\"logo\":{\"@id\":\"https:\\\/\\\/i0.wp.com\\\/emprenderenfiestas.com\\\/wp-content\\\/uploads\\\/2023\\\/06\\\/Mesa-de-trabajo-3%402x-e1742245783883.png?fit=2400%2C928&ssl=1\"}}]}<\/script>\n<!-- \/ Yoast SEO plugin. -->","yoast_head_json":{"title":"Curso SCANNCUT - Papeler\u00eda para eventos - m\u00f3dulo 3: DISE\u00d1O CON CANVAS WORKSPACE - emprenderenfiestas.com","description":"Aprend\u00e9 a sacarle provecho a tu SCANNCUT Brother con el curso de Papeler\u00eda para eventos. Dise\u00f1\u00e1 en Canvas Workspace desde cero.","robots":{"index":"index","follow":"follow","max-snippet":"max-snippet:-1","max-image-preview":"max-image-preview:large","max-video-preview":"max-video-preview:-1"},"canonical":"https:\/\/emprenderenfiestas.com\/index.php\/product\/curso-scanncut-papeleria-para-eventos-modulo-3-diseno-canvas-workspace\/","og_locale":"es_ES","og_type":"article","og_title":"Curso SCANNCUT - Papeler\u00eda para eventos - m\u00f3dulo 3: DISE\u00d1O CON CANVAS WORKSPACE - emprenderenfiestas.com","og_description":"Aprend\u00e9 a sacarle provecho a tu SCANNCUT Brother con el curso de Papeler\u00eda para eventos. Dise\u00f1\u00e1 en Canvas Workspace desde cero.","og_url":"https:\/\/emprenderenfiestas.com\/index.php\/product\/curso-scanncut-papeleria-para-eventos-modulo-3-diseno-canvas-workspace\/","og_site_name":"emprenderenfiestas.com","article_modified_time":"2025-08-21T16:09:45+00:00","og_image":[{"width":1080,"height":1350,"url":"https:\/\/emprenderenfiestas.com\/wp-content\/uploads\/2023\/07\/3.png","type":"image\/png"}],"twitter_card":"summary_large_image","twitter_misc":{"Tiempo de lectura":"1 minuto"},"schema":{"@context":"https:\/\/schema.org","@graph":[{"@type":"WebPage","@id":"https:\/\/emprenderenfiestas.com\/index.php\/product\/curso-scanncut-papeleria-para-eventos-modulo-3-diseno-canvas-workspace\/","url":"https:\/\/emprenderenfiestas.com\/index.php\/product\/curso-scanncut-papeleria-para-eventos-modulo-3-diseno-canvas-workspace\/","name":"Curso SCANNCUT - Papeler\u00eda para eventos - m\u00f3dulo 3: DISE\u00d1O CON CANVAS WORKSPACE - emprenderenfiestas.com","isPartOf":{"@id":"https:\/\/emprenderenfiestas.com\/#website"},"primaryImageOfPage":{"@id":"https:\/\/emprenderenfiestas.com\/index.php\/product\/curso-scanncut-papeleria-para-eventos-modulo-3-diseno-canvas-workspace\/#primaryimage"},"image":{"@id":"https:\/\/emprenderenfiestas.com\/index.php\/product\/curso-scanncut-papeleria-para-eventos-modulo-3-diseno-canvas-workspace\/#primaryimage"},"thumbnailUrl":"https:\/\/i0.wp.com\/emprenderenfiestas.com\/wp-content\/uploads\/2023\/07\/3.png?fit=1080%2C1350&ssl=1","datePublished":"2022-01-11T21:10:43+00:00","dateModified":"2025-08-21T16:09:45+00:00","description":"Aprend\u00e9 a sacarle provecho a tu SCANNCUT Brother con el curso de Papeler\u00eda para eventos. Dise\u00f1\u00e1 en Canvas Workspace desde cero.","breadcrumb":{"@id":"https:\/\/emprenderenfiestas.com\/index.php\/product\/curso-scanncut-papeleria-para-eventos-modulo-3-diseno-canvas-workspace\/#breadcrumb"},"inLanguage":"es-AR","potentialAction":[{"@type":"ReadAction","target":["https:\/\/emprenderenfiestas.com\/index.php\/product\/curso-scanncut-papeleria-para-eventos-modulo-3-diseno-canvas-workspace\/"]}]},{"@type":"ImageObject","inLanguage":"es-AR","@id":"https:\/\/emprenderenfiestas.com\/index.php\/product\/curso-scanncut-papeleria-para-eventos-modulo-3-diseno-canvas-workspace\/#primaryimage","url":"https:\/\/i0.wp.com\/emprenderenfiestas.com\/wp-content\/uploads\/2023\/07\/3.png?fit=1080%2C1350&ssl=1","contentUrl":"https:\/\/i0.wp.com\/emprenderenfiestas.com\/wp-content\/uploads\/2023\/07\/3.png?fit=1080%2C1350&ssl=1","width":1080,"height":1350},{"@type":"BreadcrumbList","@id":"https:\/\/emprenderenfiestas.com\/index.php\/product\/curso-scanncut-papeleria-para-eventos-modulo-3-diseno-canvas-workspace\/#breadcrumb","itemListElement":[{"@type":"ListItem","position":1,"name":"Inicio","item":"https:\/\/emprenderenfiestas.com\/"},{"@type":"ListItem","position":2,"name":"Shop","item":"https:\/\/emprenderenfiestas.com\/index.php\/shop\/"},{"@type":"ListItem","position":3,"name":"Curso SCANNCUT &#8211; Papeler\u00eda para eventos &#8211; m\u00f3dulo 3: DISE\u00d1O CON CANVAS WORKSPACE"}]},{"@type":"WebSite","@id":"https:\/\/emprenderenfiestas.com\/#website","url":"https:\/\/emprenderenfiestas.com\/","name":"Emprender en Fiestas","description":"Cursos para emprender en eventos","publisher":{"@id":"https:\/\/emprenderenfiestas.com\/#\/schema\/person\/7ae3f63e8e0d298333f421659b10fec6"},"potentialAction":[{"@type":"SearchAction","target":{"@type":"EntryPoint","urlTemplate":"https:\/\/emprenderenfiestas.com\/?s={search_term_string}"},"query-input":{"@type":"PropertyValueSpecification","valueRequired":true,"valueName":"search_term_string"}}],"inLanguage":"es-AR"},{"@type":["Person","Organization"],"@id":"https:\/\/emprenderenfiestas.com\/#\/schema\/person\/7ae3f63e8e0d298333f421659b10fec6","name":"Daniela Dana","image":{"@type":"ImageObject","inLanguage":"es-AR","@id":"https:\/\/i0.wp.com\/emprenderenfiestas.com\/wp-content\/uploads\/2023\/06\/Mesa-de-trabajo-3%402x-e1742245783883.png?fit=2400%2C928&ssl=1","url":"https:\/\/i0.wp.com\/emprenderenfiestas.com\/wp-content\/uploads\/2023\/06\/Mesa-de-trabajo-3%402x-e1742245783883.png?fit=2400%2C928&ssl=1","contentUrl":"https:\/\/i0.wp.com\/emprenderenfiestas.com\/wp-content\/uploads\/2023\/06\/Mesa-de-trabajo-3%402x-e1742245783883.png?fit=2400%2C928&ssl=1","width":2400,"height":928,"caption":"Daniela Dana"},"logo":{"@id":"https:\/\/i0.wp.com\/emprenderenfiestas.com\/wp-content\/uploads\/2023\/06\/Mesa-de-trabajo-3%402x-e1742245783883.png?fit=2400%2C928&ssl=1"}}]}},"jetpack_publicize_connections":[],"jetpack_sharing_enabled":true,"jetpack_likes_enabled":true,"jetpack-related-posts":[],"_links":{"self":[{"href":"https:\/\/emprenderenfiestas.com\/index.php\/wp-json\/wp\/v2\/product\/5989","targetHints":{"allow":["GET"]}}],"collection":[{"href":"https:\/\/emprenderenfiestas.com\/index.php\/wp-json\/wp\/v2\/product"}],"about":[{"href":"https:\/\/emprenderenfiestas.com\/index.php\/wp-json\/wp\/v2\/types\/product"}],"replies":[{"embeddable":true,"href":"https:\/\/emprenderenfiestas.com\/index.php\/wp-json\/wp\/v2\/comments?post=5989"}],"version-history":[{"count":2,"href":"https:\/\/emprenderenfiestas.com\/index.php\/wp-json\/wp\/v2\/product\/5989\/revisions"}],"predecessor-version":[{"id":29127,"href":"https:\/\/emprenderenfiestas.com\/index.php\/wp-json\/wp\/v2\/product\/5989\/revisions\/29127"}],"wp:featuredmedia":[{"embeddable":true,"href":"https:\/\/emprenderenfiestas.com\/index.php\/wp-json\/wp\/v2\/media\/19646"}],"wp:attachment":[{"href":"https:\/\/emprenderenfiestas.com\/index.php\/wp-json\/wp\/v2\/media?parent=5989"}],"wp:term":[{"taxonomy":"product_brand","embeddable":true,"href":"https:\/\/emprenderenfiestas.com\/index.php\/wp-json\/wp\/v2\/product_brand?post=5989"},{"taxonomy":"product_cat","embeddable":true,"href":"https:\/\/emprenderenfiestas.com\/index.php\/wp-json\/wp\/v2\/product_cat?post=5989"},{"taxonomy":"product_tag","embeddable":true,"href":"https:\/\/emprenderenfiestas.com\/index.php\/wp-json\/wp\/v2\/product_tag?post=5989"}],"curies":[{"name":"wp","href":"https:\/\/api.w.org\/{rel}","templated":true}]}}