{"id":28631,"date":"2024-11-14T15:54:10","date_gmt":"2024-11-14T18:54:10","guid":{"rendered":"https:\/\/emprenderenfiestas.com\/?post_type=product&#038;p=28631"},"modified":"2025-10-10T15:04:00","modified_gmt":"2025-10-10T18:04:00","slug":"lamparas-pentagonales-archivos-en-varios-formatos","status":"publish","type":"product","link":"https:\/\/emprenderenfiestas.com\/index.php\/product\/lamparas-pentagonales-archivos-en-varios-formatos\/","title":{"rendered":"L\u00e1mparas Pentagonales &#8211; Archivos en varios Formatos"},"content":{"rendered":"\t\t<div data-elementor-type=\"wp-post\" data-elementor-id=\"28631\" class=\"elementor elementor-28631\" data-elementor-post-type=\"product\">\n\t\t\t\t<div class=\"elementor-element elementor-element-609216ee e-flex e-con-boxed e-con e-parent\" data-id=\"609216ee\" data-element_type=\"container\" data-e-type=\"container\">\n\t\t\t\t\t<div class=\"e-con-inner\">\n\t\t\t\t<div class=\"elementor-element elementor-element-496e9ad9 elementor-widget elementor-widget-text-editor\" data-id=\"496e9ad9\" data-element_type=\"widget\" data-e-type=\"widget\" data-widget_type=\"text-editor.default\">\n\t\t\t\t<div class=\"elementor-widget-container\">\n\t\t\t\t\t\t\t\t\t<p>Finalizada la compra, recibir\u00e1s un mail con el acceso a la descarga de 1 archivo comprimido .ZIP para descomprimir en la computadora con todos los patrones, y el instructivo con el &#8220;paso a paso&#8221; para el armado.\u00a0<\/p><p>\u00a0<\/p><p><em>Este producto Copyright Silvestre y Divertido &#8211; 27337960117 &#8211; 2024. Todos los derechos reservados.\u00a0<\/em><\/p>\t\t\t\t\t\t\t\t<\/div>\n\t\t\t\t<\/div>\n\t\t\t\t\t<\/div>\n\t\t\t\t<\/div>\n\t\t\t\t<\/div>\n\t\t","protected":false},"excerpt":{"rendered":"<div class=\"docos-replyview-body docos-anchoredreplyview-body docos-replyview-body-emoji-reactable docos-replyview-body-emoji-reactable-background\" dir=\"ltr\">\n<p>Incluye:<\/p>\n<p>\u00b7 Modelo b\u00e1sico de l\u00e1mparas de Luz de 5 lados en dos tama\u00f1os (Todo armado para imprimir\/ cortar en hojas A4).<\/p>\n<p>\u00b7 Modelo con calado en tem\u00e1tica navide\u00f1a &#8211; tama\u00f1o m\u00e1s peque\u00f1o.<\/p>\n<p>\u00b7 Accesorios: Hojitas, florcitas y bases para centro de mesa.<\/p>\n<p>\u00b7 Instructivos para realizarlas<\/p>\n<p>Todo viene en formatos .pdf &#8211; .png &#8211; .svg &#8211; .dxf y .cwprj (que es exclusivamente para canvas de brother scanncut.). Los archivos son editables.<\/p>\n<p>Recomiendo usar plotter de corte para cortarlas, pero si ten\u00e9s paciencia, se pueden cortar a mano, sobre todo los modelos b\u00e1sicos.<\/p>\n<\/div>\n<p>Una vez realizada la compra, te llegar\u00e1 por mail una carpeta con todos los archivos comprimidos para descargar.<\/p>\n","protected":false},"featured_media":29038,"comment_status":"open","ping_status":"closed","template":"","meta":{"site-sidebar-layout":"default","site-content-layout":"","ast-site-content-layout":"default","site-content-style":"default","site-sidebar-style":"default","ast-global-header-display":"","ast-banner-title-visibility":"","ast-main-header-display":"","ast-hfb-above-header-display":"","ast-hfb-below-header-display":"","ast-hfb-mobile-header-display":"","site-post-title":"","ast-breadcrumbs-content":"","ast-featured-img":"","footer-sml-layout":"","ast-disable-related-posts":"","theme-transparent-header-meta":"default","adv-header-id-meta":"","stick-header-meta":"","header-above-stick-meta":"","header-main-stick-meta":"","header-below-stick-meta":"","astra-migrate-meta-layouts":"set","ast-page-background-enabled":"default","ast-page-background-meta":{"desktop":{"background-color":"var(--ast-global-color-4)","background-image":"","background-repeat":"repeat","background-position":"center center","background-size":"auto","background-attachment":"scroll","background-type":"","background-media":"","overlay-type":"","overlay-color":"","overlay-opacity":"","overlay-gradient":""},"tablet":{"background-color":"","background-image":"","background-repeat":"repeat","background-position":"center center","background-size":"auto","background-attachment":"scroll","background-type":"","background-media":"","overlay-type":"","overlay-color":"","overlay-opacity":"","overlay-gradient":""},"mobile":{"background-color":"","background-image":"","background-repeat":"repeat","background-position":"center center","background-size":"auto","background-attachment":"scroll","background-type":"","background-media":"","overlay-type":"","overlay-color":"","overlay-opacity":"","overlay-gradient":""}},"ast-content-background-meta":{"desktop":{"background-color":"var(--ast-global-color-5)","background-image":"","background-repeat":"repeat","background-position":"center center","background-size":"auto","background-attachment":"scroll","background-type":"","background-media":"","overlay-type":"","overlay-color":"","overlay-opacity":"","overlay-gradient":""},"tablet":{"background-color":"var(--ast-global-color-5)","background-image":"","background-repeat":"repeat","background-position":"center center","background-size":"auto","background-attachment":"scroll","background-type":"","background-media":"","overlay-type":"","overlay-color":"","overlay-opacity":"","overlay-gradient":""},"mobile":{"background-color":"var(--ast-global-color-5)","background-image":"","background-repeat":"repeat","background-position":"center center","background-size":"auto","background-attachment":"scroll","background-type":"","background-media":"","overlay-type":"","overlay-color":"","overlay-opacity":"","overlay-gradient":""}},"jetpack_post_was_ever_published":false,"jetpack_publicize_message":"","jetpack_publicize_feature_enabled":true,"jetpack_social_post_already_shared":false,"jetpack_social_options":{"image_generator_settings":{"template":"highway","default_image_id":0,"font":"","enabled":false},"version":2}},"product_brand":[],"product_cat":[416,28,414,431,173,417,415],"product_tag":[54,24,380,268,26,379,151,270,271,33,34],"class_list":{"0":"post-28631","1":"product","2":"type-product","3":"status-publish","4":"has-post-thumbnail","6":"product_cat-modalidad","7":"product_cat-moldes-candy-letras3d","8":"product_cat-nivel","9":"product_cat-papeleria","10":"product_cat-patrones-syd","11":"product_cat-programa","12":"product_cat-tematica","13":"product_tag-craft","14":"product_tag-decoracion-en-papel","15":"product_tag-decoracion-navidena","16":"product_tag-imprimibles","17":"product_tag-kits-imprimibles","18":"product_tag-lamparas-craft","19":"product_tag-navidad","20":"product_tag-papeleria-creativa","21":"product_tag-papeleria-para-eventos","22":"product_tag-plotter-de-corte","23":"product_tag-scanncut","24":"desktop-align-center","25":"tablet-align-left","26":"mobile-align-left","28":"first","29":"instock","30":"downloadable","31":"virtual","32":"purchasable","33":"product-type-simple"},"yoast_head":"<!-- This site is optimized with the Yoast SEO plugin v27.3 - https:\/\/yoast.com\/product\/yoast-seo-wordpress\/ -->\n<title>L\u00e1mparas Pentagonales - Archivos en varios Formatos - emprenderenfiestas.com<\/title>\n<meta name=\"description\" content=\"Incluye:\u00b7 Modelo b\u00e1sico de l\u00e1mparas de Luz de 5 lados en dos tama\u00f1os (Todo armado para imprimir\/ cortar en hojas A4).\u00b7 Modelo con calado en tem\u00e1tica navide\u00f1a - tama\u00f1o m\u00e1s peque\u00f1o.\u00b7 Accesorios: Hojitas, florcitas y bases para centro de mesa.\u00b7 Instructivos para realizarlasTodo viene en formatos .pdf - .png - .svg - .dxf y .cwprj (que es exclusivamente para canvas de brother scanncut.). Los archivos son editables.Recomiendo usar plotter de corte para cortarlas, pero si ten\u00e9s paciencia, se pueden cortar a mano, sobre todo los modelos b\u00e1sicos.\" \/>\n<meta name=\"robots\" content=\"index, follow, max-snippet:-1, max-image-preview:large, max-video-preview:-1\" \/>\n<link rel=\"canonical\" href=\"https:\/\/emprenderenfiestas.com\/index.php\/product\/lamparas-pentagonales-archivos-en-varios-formatos\/\" \/>\n<meta property=\"og:locale\" content=\"es_ES\" \/>\n<meta property=\"og:type\" content=\"article\" \/>\n<meta property=\"og:title\" content=\"L\u00e1mparas Pentagonales - Archivos en varios Formatos - emprenderenfiestas.com\" \/>\n<meta property=\"og:description\" content=\"Incluye:\u00b7 Modelo b\u00e1sico de l\u00e1mparas de Luz de 5 lados en dos tama\u00f1os (Todo armado para imprimir\/ cortar en hojas A4).\u00b7 Modelo con calado en tem\u00e1tica navide\u00f1a - tama\u00f1o m\u00e1s peque\u00f1o.\u00b7 Accesorios: Hojitas, florcitas y bases para centro de mesa.\u00b7 Instructivos para realizarlasTodo viene en formatos .pdf - .png - .svg - .dxf y .cwprj (que es exclusivamente para canvas de brother scanncut.). Los archivos son editables.Recomiendo usar plotter de corte para cortarlas, pero si ten\u00e9s paciencia, se pueden cortar a mano, sobre todo los modelos b\u00e1sicos.\" \/>\n<meta property=\"og:url\" content=\"https:\/\/emprenderenfiestas.com\/index.php\/product\/lamparas-pentagonales-archivos-en-varios-formatos\/\" \/>\n<meta property=\"og:site_name\" content=\"emprenderenfiestas.com\" \/>\n<meta property=\"article:modified_time\" content=\"2025-10-10T18:04:00+00:00\" \/>\n<meta property=\"og:image\" content=\"https:\/\/emprenderenfiestas.com\/wp-content\/uploads\/2024\/11\/4.jpg\" \/>\n\t<meta property=\"og:image:width\" content=\"1024\" \/>\n\t<meta property=\"og:image:height\" content=\"1024\" \/>\n\t<meta property=\"og:image:type\" content=\"image\/jpeg\" \/>\n<meta name=\"twitter:card\" content=\"summary_large_image\" \/>\n<meta name=\"twitter:label1\" content=\"Tiempo de lectura\" \/>\n\t<meta name=\"twitter:data1\" content=\"1 minuto\" \/>\n<script type=\"application\/ld+json\" class=\"yoast-schema-graph\">{\"@context\":\"https:\\\/\\\/schema.org\",\"@graph\":[{\"@type\":\"WebPage\",\"@id\":\"https:\\\/\\\/emprenderenfiestas.com\\\/index.php\\\/product\\\/lamparas-pentagonales-archivos-en-varios-formatos\\\/\",\"url\":\"https:\\\/\\\/emprenderenfiestas.com\\\/index.php\\\/product\\\/lamparas-pentagonales-archivos-en-varios-formatos\\\/\",\"name\":\"L\u00e1mparas Pentagonales - Archivos en varios Formatos - emprenderenfiestas.com\",\"isPartOf\":{\"@id\":\"https:\\\/\\\/emprenderenfiestas.com\\\/#website\"},\"primaryImageOfPage\":{\"@id\":\"https:\\\/\\\/emprenderenfiestas.com\\\/index.php\\\/product\\\/lamparas-pentagonales-archivos-en-varios-formatos\\\/#primaryimage\"},\"image\":{\"@id\":\"https:\\\/\\\/emprenderenfiestas.com\\\/index.php\\\/product\\\/lamparas-pentagonales-archivos-en-varios-formatos\\\/#primaryimage\"},\"thumbnailUrl\":\"https:\\\/\\\/i0.wp.com\\\/emprenderenfiestas.com\\\/wp-content\\\/uploads\\\/2024\\\/11\\\/4.jpg?fit=1024%2C1024&ssl=1\",\"datePublished\":\"2024-11-14T18:54:10+00:00\",\"dateModified\":\"2025-10-10T18:04:00+00:00\",\"description\":\"Incluye:\u00b7 Modelo b\u00e1sico de l\u00e1mparas de Luz de 5 lados en dos tama\u00f1os (Todo armado para imprimir\\\/ cortar en hojas A4).\u00b7 Modelo con calado en tem\u00e1tica navide\u00f1a - tama\u00f1o m\u00e1s peque\u00f1o.\u00b7 Accesorios: Hojitas, florcitas y bases para centro de mesa.\u00b7 Instructivos para realizarlasTodo viene en formatos .pdf - .png - .svg - .dxf y .cwprj (que es exclusivamente para canvas de brother scanncut.). Los archivos son editables.Recomiendo usar plotter de corte para cortarlas, pero si ten\u00e9s paciencia, se pueden cortar a mano, sobre todo los modelos b\u00e1sicos.\",\"breadcrumb\":{\"@id\":\"https:\\\/\\\/emprenderenfiestas.com\\\/index.php\\\/product\\\/lamparas-pentagonales-archivos-en-varios-formatos\\\/#breadcrumb\"},\"inLanguage\":\"es-AR\",\"potentialAction\":[{\"@type\":\"ReadAction\",\"target\":[\"https:\\\/\\\/emprenderenfiestas.com\\\/index.php\\\/product\\\/lamparas-pentagonales-archivos-en-varios-formatos\\\/\"]}]},{\"@type\":\"ImageObject\",\"inLanguage\":\"es-AR\",\"@id\":\"https:\\\/\\\/emprenderenfiestas.com\\\/index.php\\\/product\\\/lamparas-pentagonales-archivos-en-varios-formatos\\\/#primaryimage\",\"url\":\"https:\\\/\\\/i0.wp.com\\\/emprenderenfiestas.com\\\/wp-content\\\/uploads\\\/2024\\\/11\\\/4.jpg?fit=1024%2C1024&ssl=1\",\"contentUrl\":\"https:\\\/\\\/i0.wp.com\\\/emprenderenfiestas.com\\\/wp-content\\\/uploads\\\/2024\\\/11\\\/4.jpg?fit=1024%2C1024&ssl=1\",\"width\":1024,\"height\":1024},{\"@type\":\"BreadcrumbList\",\"@id\":\"https:\\\/\\\/emprenderenfiestas.com\\\/index.php\\\/product\\\/lamparas-pentagonales-archivos-en-varios-formatos\\\/#breadcrumb\",\"itemListElement\":[{\"@type\":\"ListItem\",\"position\":1,\"name\":\"Inicio\",\"item\":\"https:\\\/\\\/emprenderenfiestas.com\\\/\"},{\"@type\":\"ListItem\",\"position\":2,\"name\":\"Shop\",\"item\":\"https:\\\/\\\/emprenderenfiestas.com\\\/index.php\\\/shop\\\/\"},{\"@type\":\"ListItem\",\"position\":3,\"name\":\"L\u00e1mparas Pentagonales &#8211; Archivos en varios Formatos\"}]},{\"@type\":\"WebSite\",\"@id\":\"https:\\\/\\\/emprenderenfiestas.com\\\/#website\",\"url\":\"https:\\\/\\\/emprenderenfiestas.com\\\/\",\"name\":\"Emprender en Fiestas\",\"description\":\"Cursos para emprender en eventos\",\"publisher\":{\"@id\":\"https:\\\/\\\/emprenderenfiestas.com\\\/#\\\/schema\\\/person\\\/7ae3f63e8e0d298333f421659b10fec6\"},\"potentialAction\":[{\"@type\":\"SearchAction\",\"target\":{\"@type\":\"EntryPoint\",\"urlTemplate\":\"https:\\\/\\\/emprenderenfiestas.com\\\/?s={search_term_string}\"},\"query-input\":{\"@type\":\"PropertyValueSpecification\",\"valueRequired\":true,\"valueName\":\"search_term_string\"}}],\"inLanguage\":\"es-AR\"},{\"@type\":[\"Person\",\"Organization\"],\"@id\":\"https:\\\/\\\/emprenderenfiestas.com\\\/#\\\/schema\\\/person\\\/7ae3f63e8e0d298333f421659b10fec6\",\"name\":\"Daniela Dana\",\"image\":{\"@type\":\"ImageObject\",\"inLanguage\":\"es-AR\",\"@id\":\"https:\\\/\\\/i0.wp.com\\\/emprenderenfiestas.com\\\/wp-content\\\/uploads\\\/2023\\\/06\\\/Mesa-de-trabajo-3%402x-e1742245783883.png?fit=2400%2C928&ssl=1\",\"url\":\"https:\\\/\\\/i0.wp.com\\\/emprenderenfiestas.com\\\/wp-content\\\/uploads\\\/2023\\\/06\\\/Mesa-de-trabajo-3%402x-e1742245783883.png?fit=2400%2C928&ssl=1\",\"contentUrl\":\"https:\\\/\\\/i0.wp.com\\\/emprenderenfiestas.com\\\/wp-content\\\/uploads\\\/2023\\\/06\\\/Mesa-de-trabajo-3%402x-e1742245783883.png?fit=2400%2C928&ssl=1\",\"width\":2400,\"height\":928,\"caption\":\"Daniela Dana\"},\"logo\":{\"@id\":\"https:\\\/\\\/i0.wp.com\\\/emprenderenfiestas.com\\\/wp-content\\\/uploads\\\/2023\\\/06\\\/Mesa-de-trabajo-3%402x-e1742245783883.png?fit=2400%2C928&ssl=1\"}}]}<\/script>\n<!-- \/ Yoast SEO plugin. -->","yoast_head_json":{"title":"L\u00e1mparas Pentagonales - Archivos en varios Formatos - emprenderenfiestas.com","description":"Incluye:\u00b7 Modelo b\u00e1sico de l\u00e1mparas de Luz de 5 lados en dos tama\u00f1os (Todo armado para imprimir\/ cortar en hojas A4).\u00b7 Modelo con calado en tem\u00e1tica navide\u00f1a - tama\u00f1o m\u00e1s peque\u00f1o.\u00b7 Accesorios: Hojitas, florcitas y bases para centro de mesa.\u00b7 Instructivos para realizarlasTodo viene en formatos .pdf - .png - .svg - .dxf y .cwprj (que es exclusivamente para canvas de brother scanncut.). Los archivos son editables.Recomiendo usar plotter de corte para cortarlas, pero si ten\u00e9s paciencia, se pueden cortar a mano, sobre todo los modelos b\u00e1sicos.","robots":{"index":"index","follow":"follow","max-snippet":"max-snippet:-1","max-image-preview":"max-image-preview:large","max-video-preview":"max-video-preview:-1"},"canonical":"https:\/\/emprenderenfiestas.com\/index.php\/product\/lamparas-pentagonales-archivos-en-varios-formatos\/","og_locale":"es_ES","og_type":"article","og_title":"L\u00e1mparas Pentagonales - Archivos en varios Formatos - emprenderenfiestas.com","og_description":"Incluye:\u00b7 Modelo b\u00e1sico de l\u00e1mparas de Luz de 5 lados en dos tama\u00f1os (Todo armado para imprimir\/ cortar en hojas A4).\u00b7 Modelo con calado en tem\u00e1tica navide\u00f1a - tama\u00f1o m\u00e1s peque\u00f1o.\u00b7 Accesorios: Hojitas, florcitas y bases para centro de mesa.\u00b7 Instructivos para realizarlasTodo viene en formatos .pdf - .png - .svg - .dxf y .cwprj (que es exclusivamente para canvas de brother scanncut.). Los archivos son editables.Recomiendo usar plotter de corte para cortarlas, pero si ten\u00e9s paciencia, se pueden cortar a mano, sobre todo los modelos b\u00e1sicos.","og_url":"https:\/\/emprenderenfiestas.com\/index.php\/product\/lamparas-pentagonales-archivos-en-varios-formatos\/","og_site_name":"emprenderenfiestas.com","article_modified_time":"2025-10-10T18:04:00+00:00","og_image":[{"width":1024,"height":1024,"url":"https:\/\/emprenderenfiestas.com\/wp-content\/uploads\/2024\/11\/4.jpg","type":"image\/jpeg"}],"twitter_card":"summary_large_image","twitter_misc":{"Tiempo de lectura":"1 minuto"},"schema":{"@context":"https:\/\/schema.org","@graph":[{"@type":"WebPage","@id":"https:\/\/emprenderenfiestas.com\/index.php\/product\/lamparas-pentagonales-archivos-en-varios-formatos\/","url":"https:\/\/emprenderenfiestas.com\/index.php\/product\/lamparas-pentagonales-archivos-en-varios-formatos\/","name":"L\u00e1mparas Pentagonales - Archivos en varios Formatos - emprenderenfiestas.com","isPartOf":{"@id":"https:\/\/emprenderenfiestas.com\/#website"},"primaryImageOfPage":{"@id":"https:\/\/emprenderenfiestas.com\/index.php\/product\/lamparas-pentagonales-archivos-en-varios-formatos\/#primaryimage"},"image":{"@id":"https:\/\/emprenderenfiestas.com\/index.php\/product\/lamparas-pentagonales-archivos-en-varios-formatos\/#primaryimage"},"thumbnailUrl":"https:\/\/i0.wp.com\/emprenderenfiestas.com\/wp-content\/uploads\/2024\/11\/4.jpg?fit=1024%2C1024&ssl=1","datePublished":"2024-11-14T18:54:10+00:00","dateModified":"2025-10-10T18:04:00+00:00","description":"Incluye:\u00b7 Modelo b\u00e1sico de l\u00e1mparas de Luz de 5 lados en dos tama\u00f1os (Todo armado para imprimir\/ cortar en hojas A4).\u00b7 Modelo con calado en tem\u00e1tica navide\u00f1a - tama\u00f1o m\u00e1s peque\u00f1o.\u00b7 Accesorios: Hojitas, florcitas y bases para centro de mesa.\u00b7 Instructivos para realizarlasTodo viene en formatos .pdf - .png - .svg - .dxf y .cwprj (que es exclusivamente para canvas de brother scanncut.). Los archivos son editables.Recomiendo usar plotter de corte para cortarlas, pero si ten\u00e9s paciencia, se pueden cortar a mano, sobre todo los modelos b\u00e1sicos.","breadcrumb":{"@id":"https:\/\/emprenderenfiestas.com\/index.php\/product\/lamparas-pentagonales-archivos-en-varios-formatos\/#breadcrumb"},"inLanguage":"es-AR","potentialAction":[{"@type":"ReadAction","target":["https:\/\/emprenderenfiestas.com\/index.php\/product\/lamparas-pentagonales-archivos-en-varios-formatos\/"]}]},{"@type":"ImageObject","inLanguage":"es-AR","@id":"https:\/\/emprenderenfiestas.com\/index.php\/product\/lamparas-pentagonales-archivos-en-varios-formatos\/#primaryimage","url":"https:\/\/i0.wp.com\/emprenderenfiestas.com\/wp-content\/uploads\/2024\/11\/4.jpg?fit=1024%2C1024&ssl=1","contentUrl":"https:\/\/i0.wp.com\/emprenderenfiestas.com\/wp-content\/uploads\/2024\/11\/4.jpg?fit=1024%2C1024&ssl=1","width":1024,"height":1024},{"@type":"BreadcrumbList","@id":"https:\/\/emprenderenfiestas.com\/index.php\/product\/lamparas-pentagonales-archivos-en-varios-formatos\/#breadcrumb","itemListElement":[{"@type":"ListItem","position":1,"name":"Inicio","item":"https:\/\/emprenderenfiestas.com\/"},{"@type":"ListItem","position":2,"name":"Shop","item":"https:\/\/emprenderenfiestas.com\/index.php\/shop\/"},{"@type":"ListItem","position":3,"name":"L\u00e1mparas Pentagonales &#8211; Archivos en varios Formatos"}]},{"@type":"WebSite","@id":"https:\/\/emprenderenfiestas.com\/#website","url":"https:\/\/emprenderenfiestas.com\/","name":"Emprender en Fiestas","description":"Cursos para emprender en eventos","publisher":{"@id":"https:\/\/emprenderenfiestas.com\/#\/schema\/person\/7ae3f63e8e0d298333f421659b10fec6"},"potentialAction":[{"@type":"SearchAction","target":{"@type":"EntryPoint","urlTemplate":"https:\/\/emprenderenfiestas.com\/?s={search_term_string}"},"query-input":{"@type":"PropertyValueSpecification","valueRequired":true,"valueName":"search_term_string"}}],"inLanguage":"es-AR"},{"@type":["Person","Organization"],"@id":"https:\/\/emprenderenfiestas.com\/#\/schema\/person\/7ae3f63e8e0d298333f421659b10fec6","name":"Daniela Dana","image":{"@type":"ImageObject","inLanguage":"es-AR","@id":"https:\/\/i0.wp.com\/emprenderenfiestas.com\/wp-content\/uploads\/2023\/06\/Mesa-de-trabajo-3%402x-e1742245783883.png?fit=2400%2C928&ssl=1","url":"https:\/\/i0.wp.com\/emprenderenfiestas.com\/wp-content\/uploads\/2023\/06\/Mesa-de-trabajo-3%402x-e1742245783883.png?fit=2400%2C928&ssl=1","contentUrl":"https:\/\/i0.wp.com\/emprenderenfiestas.com\/wp-content\/uploads\/2023\/06\/Mesa-de-trabajo-3%402x-e1742245783883.png?fit=2400%2C928&ssl=1","width":2400,"height":928,"caption":"Daniela Dana"},"logo":{"@id":"https:\/\/i0.wp.com\/emprenderenfiestas.com\/wp-content\/uploads\/2023\/06\/Mesa-de-trabajo-3%402x-e1742245783883.png?fit=2400%2C928&ssl=1"}}]}},"jetpack_publicize_connections":[],"jetpack_sharing_enabled":true,"jetpack_likes_enabled":true,"jetpack-related-posts":[],"_links":{"self":[{"href":"https:\/\/emprenderenfiestas.com\/index.php\/wp-json\/wp\/v2\/product\/28631","targetHints":{"allow":["GET"]}}],"collection":[{"href":"https:\/\/emprenderenfiestas.com\/index.php\/wp-json\/wp\/v2\/product"}],"about":[{"href":"https:\/\/emprenderenfiestas.com\/index.php\/wp-json\/wp\/v2\/types\/product"}],"replies":[{"embeddable":true,"href":"https:\/\/emprenderenfiestas.com\/index.php\/wp-json\/wp\/v2\/comments?post=28631"}],"version-history":[{"count":3,"href":"https:\/\/emprenderenfiestas.com\/index.php\/wp-json\/wp\/v2\/product\/28631\/revisions"}],"predecessor-version":[{"id":29045,"href":"https:\/\/emprenderenfiestas.com\/index.php\/wp-json\/wp\/v2\/product\/28631\/revisions\/29045"}],"wp:featuredmedia":[{"embeddable":true,"href":"https:\/\/emprenderenfiestas.com\/index.php\/wp-json\/wp\/v2\/media\/29038"}],"wp:attachment":[{"href":"https:\/\/emprenderenfiestas.com\/index.php\/wp-json\/wp\/v2\/media?parent=28631"}],"wp:term":[{"taxonomy":"product_brand","embeddable":true,"href":"https:\/\/emprenderenfiestas.com\/index.php\/wp-json\/wp\/v2\/product_brand?post=28631"},{"taxonomy":"product_cat","embeddable":true,"href":"https:\/\/emprenderenfiestas.com\/index.php\/wp-json\/wp\/v2\/product_cat?post=28631"},{"taxonomy":"product_tag","embeddable":true,"href":"https:\/\/emprenderenfiestas.com\/index.php\/wp-json\/wp\/v2\/product_tag?post=28631"}],"curies":[{"name":"wp","href":"https:\/\/api.w.org\/{rel}","templated":true}]}}