{"id":27722,"date":"2024-10-28T12:20:02","date_gmt":"2024-10-28T15:20:02","guid":{"rendered":"https:\/\/emprenderenfiestas.com\/?post_type=product&#038;p=27722"},"modified":"2025-10-10T15:36:50","modified_gmt":"2025-10-10T18:36:50","slug":"guirnalda-y-figuras-decorativas-de-halloween-archivos-para-imprimir-y-cortar-a-mano","status":"publish","type":"product","link":"https:\/\/emprenderenfiestas.com\/index.php\/product\/guirnalda-y-figuras-decorativas-de-halloween-archivos-para-imprimir-y-cortar-a-mano\/","title":{"rendered":"Guirnalda y Figuras decorativas de Halloween &#8211; Archivos para imprimir y cortar a mano"},"content":{"rendered":"\t\t<div data-elementor-type=\"wp-post\" data-elementor-id=\"27722\" class=\"elementor elementor-27722\" data-elementor-post-type=\"product\">\n\t\t\t\t<div class=\"elementor-element elementor-element-6daf16a9 e-flex e-con-boxed e-con e-parent\" data-id=\"6daf16a9\" data-element_type=\"container\" data-e-type=\"container\">\n\t\t\t\t\t<div class=\"e-con-inner\">\n\t\t\t\t<div class=\"elementor-element elementor-element-4bdd18f7 elementor-widget elementor-widget-text-editor\" data-id=\"4bdd18f7\" data-element_type=\"widget\" data-e-type=\"widget\" data-widget_type=\"text-editor.default\">\n\t\t\t\t<div class=\"elementor-widget-container\">\n\t\t\t\t\t\t\t\t\t<p>Finalizada la compra, recibir\u00e1s un mail con el acceso a la descarga de 1 archivo comprimido .ZIP para descomprimir en la computadora con todos los patrones.<\/p><p>\u00a0<\/p><p><em>Este producto Copyright Silvestre y Divertido &#8211; 27337960117 &#8211; 2024. Todos los derechos reservados.\u00a0<\/em><\/p>\t\t\t\t\t\t\t\t<\/div>\n\t\t\t\t<\/div>\n\t\t\t\t\t<\/div>\n\t\t\t\t<\/div>\n\t\t\t\t<\/div>\n\t\t","protected":false},"excerpt":{"rendered":"<p>Transforma cualquier espacio en un escenario de Halloween con \u00e9sta <strong>guirnalda decorativa<\/strong> dise\u00f1ada especialmente para cortar a mano. Los archivos de descarga est\u00e1n disponibles en <b>pdf<\/b>, incluyendo figuras ic\u00f3nicas como calabazas sonrientes, fantasmas juguetones y murci\u00e9lagos misteriosos. Perfectos para colgar en paredes, puertas o sobre la mesa de dulces, \u00a1es la manera m\u00e1s r\u00e1pida y f\u00e1cil de crear una decoraci\u00f3n espectacular! La guirnalda es totalmente personalizable, as\u00ed que puedes cambiar el tama\u00f1o o los colores para que se adapten al estilo de tu fiesta. Armarla es muy sencillo. Ideal para fiestas tem\u00e1ticas de Halloween, reuniones familiares o para decorar el hogar y recibir a los peque\u00f1os en busca de dulces.<\/p>\n<ul>\n<li>Tutorial con el paso a paso del armado de <strong>Dai de Silvestre y Divertido<\/strong>.<\/li>\n<li>Patrones para que puedas cortar a mano. (Formato PDF)<\/li>\n<\/ul>\n","protected":false},"featured_media":27368,"comment_status":"open","ping_status":"closed","template":"","meta":{"site-sidebar-layout":"default","site-content-layout":"","ast-site-content-layout":"default","site-content-style":"default","site-sidebar-style":"default","ast-global-header-display":"","ast-banner-title-visibility":"","ast-main-header-display":"","ast-hfb-above-header-display":"","ast-hfb-below-header-display":"","ast-hfb-mobile-header-display":"","site-post-title":"","ast-breadcrumbs-content":"","ast-featured-img":"","footer-sml-layout":"","ast-disable-related-posts":"","theme-transparent-header-meta":"default","adv-header-id-meta":"","stick-header-meta":"","header-above-stick-meta":"","header-main-stick-meta":"","header-below-stick-meta":"","astra-migrate-meta-layouts":"set","ast-page-background-enabled":"default","ast-page-background-meta":{"desktop":{"background-color":"var(--ast-global-color-4)","background-image":"","background-repeat":"repeat","background-position":"center center","background-size":"auto","background-attachment":"scroll","background-type":"","background-media":"","overlay-type":"","overlay-color":"","overlay-opacity":"","overlay-gradient":""},"tablet":{"background-color":"","background-image":"","background-repeat":"repeat","background-position":"center center","background-size":"auto","background-attachment":"scroll","background-type":"","background-media":"","overlay-type":"","overlay-color":"","overlay-opacity":"","overlay-gradient":""},"mobile":{"background-color":"","background-image":"","background-repeat":"repeat","background-position":"center center","background-size":"auto","background-attachment":"scroll","background-type":"","background-media":"","overlay-type":"","overlay-color":"","overlay-opacity":"","overlay-gradient":""}},"ast-content-background-meta":{"desktop":{"background-color":"var(--ast-global-color-5)","background-image":"","background-repeat":"repeat","background-position":"center center","background-size":"auto","background-attachment":"scroll","background-type":"","background-media":"","overlay-type":"","overlay-color":"","overlay-opacity":"","overlay-gradient":""},"tablet":{"background-color":"var(--ast-global-color-5)","background-image":"","background-repeat":"repeat","background-position":"center center","background-size":"auto","background-attachment":"scroll","background-type":"","background-media":"","overlay-type":"","overlay-color":"","overlay-opacity":"","overlay-gradient":""},"mobile":{"background-color":"var(--ast-global-color-5)","background-image":"","background-repeat":"repeat","background-position":"center center","background-size":"auto","background-attachment":"scroll","background-type":"","background-media":"","overlay-type":"","overlay-color":"","overlay-opacity":"","overlay-gradient":""}},"jetpack_post_was_ever_published":false,"jetpack_publicize_message":"","jetpack_publicize_feature_enabled":true,"jetpack_social_post_already_shared":false,"jetpack_social_options":{"image_generator_settings":{"template":"highway","default_image_id":0,"font":"","enabled":false},"version":2}},"product_brand":[],"product_cat":[149,416,28,414,431,173,421,417,415],"product_tag":[354,351,355,37,24,353,352,346,268,26,270,271,347],"class_list":{"0":"post-27722","1":"product","2":"type-product","3":"status-publish","4":"has-post-thumbnail","6":"product_cat-imprimibles","7":"product_cat-modalidad","8":"product_cat-moldes-candy-letras3d","9":"product_cat-nivel","10":"product_cat-papeleria","11":"product_cat-patrones-syd","12":"product_cat-principiante","13":"product_cat-programa","14":"product_cat-tematica","15":"product_tag-banderines","16":"product_tag-bolsitas-golosineras","17":"product_tag-cake-toppers","18":"product_tag-candy-bar","19":"product_tag-decoracion-en-papel","20":"product_tag-figuras-de-halloween","21":"product_tag-guirnaldas-decorativas","22":"product_tag-halloween","23":"product_tag-imprimibles","24":"product_tag-kits-imprimibles","25":"product_tag-papeleria-creativa","26":"product_tag-papeleria-para-eventos","27":"product_tag-papeleria-para-halloween","28":"desktop-align-center","29":"tablet-align-left","30":"mobile-align-left","32":"first","33":"instock","34":"downloadable","35":"virtual","36":"purchasable","37":"product-type-simple"},"yoast_head":"<!-- This site is optimized with the Yoast SEO plugin v27.5 - https:\/\/yoast.com\/product\/yoast-seo-wordpress\/ -->\n<title>Guirnalda y Figuras decorativas de Halloween - Archivos para imprimir y cortar a mano - emprenderenfiestas.com<\/title>\n<meta name=\"description\" content=\"Transforma cualquier espacio en un escenario de Halloween con \u00e9sta guirnalda decorativa dise\u00f1ada especialmente para usar con plotter de corte. Los archivos de descarga est\u00e1n disponibles en PDF incluyendo figuras ic\u00f3nicas como calabazas sonrientes, fantasmas juguetones y murci\u00e9lagos misteriosos. Perfectos para colgar en paredes, puertas o sobre la mesa de dulces, \u00a1es la manera m\u00e1s r\u00e1pida y f\u00e1cil de crear una decoraci\u00f3n espectacular! La guirnalda es totalmente personalizable, as\u00ed que puedes cambiar el tama\u00f1o o los colores para que se adapten al estilo de tu fiesta. Armarla es muy sencillo. Ideal para fiestas tem\u00e1ticas de Halloween, reuniones familiares o para decorar el hogar y recibir a los peque\u00f1os en busca de dulces.\" \/>\n<meta name=\"robots\" content=\"index, follow, max-snippet:-1, max-image-preview:large, max-video-preview:-1\" \/>\n<link rel=\"canonical\" href=\"https:\/\/emprenderenfiestas.com\/index.php\/product\/guirnalda-y-figuras-decorativas-de-halloween-archivos-para-imprimir-y-cortar-a-mano\/\" \/>\n<meta property=\"og:locale\" content=\"es_ES\" \/>\n<meta property=\"og:type\" content=\"article\" \/>\n<meta property=\"og:title\" content=\"Guirnalda y Figuras decorativas de Halloween - Archivos para imprimir y cortar a mano - emprenderenfiestas.com\" \/>\n<meta property=\"og:description\" content=\"Transforma cualquier espacio en un escenario de Halloween con \u00e9sta guirnalda decorativa dise\u00f1ada especialmente para usar con plotter de corte. Los archivos de descarga est\u00e1n disponibles en PDF incluyendo figuras ic\u00f3nicas como calabazas sonrientes, fantasmas juguetones y murci\u00e9lagos misteriosos. Perfectos para colgar en paredes, puertas o sobre la mesa de dulces, \u00a1es la manera m\u00e1s r\u00e1pida y f\u00e1cil de crear una decoraci\u00f3n espectacular! La guirnalda es totalmente personalizable, as\u00ed que puedes cambiar el tama\u00f1o o los colores para que se adapten al estilo de tu fiesta. Armarla es muy sencillo. Ideal para fiestas tem\u00e1ticas de Halloween, reuniones familiares o para decorar el hogar y recibir a los peque\u00f1os en busca de dulces.\" \/>\n<meta property=\"og:url\" content=\"https:\/\/emprenderenfiestas.com\/index.php\/product\/guirnalda-y-figuras-decorativas-de-halloween-archivos-para-imprimir-y-cortar-a-mano\/\" \/>\n<meta property=\"og:site_name\" content=\"emprenderenfiestas.com\" \/>\n<meta property=\"article:modified_time\" content=\"2025-10-10T18:36:50+00:00\" \/>\n<meta property=\"og:image\" content=\"https:\/\/emprenderenfiestas.com\/wp-content\/uploads\/2024\/10\/halloween-3.jpg\" \/>\n\t<meta property=\"og:image:width\" content=\"1080\" \/>\n\t<meta property=\"og:image:height\" content=\"1920\" \/>\n\t<meta property=\"og:image:type\" content=\"image\/jpeg\" \/>\n<meta name=\"twitter:card\" content=\"summary_large_image\" \/>\n<meta name=\"twitter:label1\" content=\"Tiempo de lectura\" \/>\n\t<meta name=\"twitter:data1\" content=\"1 minuto\" \/>\n<script type=\"application\/ld+json\" class=\"yoast-schema-graph\">{\"@context\":\"https:\\\/\\\/schema.org\",\"@graph\":[{\"@type\":\"WebPage\",\"@id\":\"https:\\\/\\\/emprenderenfiestas.com\\\/index.php\\\/product\\\/guirnalda-y-figuras-decorativas-de-halloween-archivos-para-imprimir-y-cortar-a-mano\\\/\",\"url\":\"https:\\\/\\\/emprenderenfiestas.com\\\/index.php\\\/product\\\/guirnalda-y-figuras-decorativas-de-halloween-archivos-para-imprimir-y-cortar-a-mano\\\/\",\"name\":\"Guirnalda y Figuras decorativas de Halloween - Archivos para imprimir y cortar a mano - emprenderenfiestas.com\",\"isPartOf\":{\"@id\":\"https:\\\/\\\/emprenderenfiestas.com\\\/#website\"},\"primaryImageOfPage\":{\"@id\":\"https:\\\/\\\/emprenderenfiestas.com\\\/index.php\\\/product\\\/guirnalda-y-figuras-decorativas-de-halloween-archivos-para-imprimir-y-cortar-a-mano\\\/#primaryimage\"},\"image\":{\"@id\":\"https:\\\/\\\/emprenderenfiestas.com\\\/index.php\\\/product\\\/guirnalda-y-figuras-decorativas-de-halloween-archivos-para-imprimir-y-cortar-a-mano\\\/#primaryimage\"},\"thumbnailUrl\":\"https:\\\/\\\/i0.wp.com\\\/emprenderenfiestas.com\\\/wp-content\\\/uploads\\\/2024\\\/10\\\/halloween-3.jpg?fit=1080%2C1920&ssl=1\",\"datePublished\":\"2024-10-28T15:20:02+00:00\",\"dateModified\":\"2025-10-10T18:36:50+00:00\",\"description\":\"Transforma cualquier espacio en un escenario de Halloween con \u00e9sta guirnalda decorativa dise\u00f1ada especialmente para usar con plotter de corte. Los archivos de descarga est\u00e1n disponibles en PDF incluyendo figuras ic\u00f3nicas como calabazas sonrientes, fantasmas juguetones y murci\u00e9lagos misteriosos. Perfectos para colgar en paredes, puertas o sobre la mesa de dulces, \u00a1es la manera m\u00e1s r\u00e1pida y f\u00e1cil de crear una decoraci\u00f3n espectacular! La guirnalda es totalmente personalizable, as\u00ed que puedes cambiar el tama\u00f1o o los colores para que se adapten al estilo de tu fiesta. Armarla es muy sencillo. Ideal para fiestas tem\u00e1ticas de Halloween, reuniones familiares o para decorar el hogar y recibir a los peque\u00f1os en busca de dulces.\",\"breadcrumb\":{\"@id\":\"https:\\\/\\\/emprenderenfiestas.com\\\/index.php\\\/product\\\/guirnalda-y-figuras-decorativas-de-halloween-archivos-para-imprimir-y-cortar-a-mano\\\/#breadcrumb\"},\"inLanguage\":\"es-AR\",\"potentialAction\":[{\"@type\":\"ReadAction\",\"target\":[\"https:\\\/\\\/emprenderenfiestas.com\\\/index.php\\\/product\\\/guirnalda-y-figuras-decorativas-de-halloween-archivos-para-imprimir-y-cortar-a-mano\\\/\"]}]},{\"@type\":\"ImageObject\",\"inLanguage\":\"es-AR\",\"@id\":\"https:\\\/\\\/emprenderenfiestas.com\\\/index.php\\\/product\\\/guirnalda-y-figuras-decorativas-de-halloween-archivos-para-imprimir-y-cortar-a-mano\\\/#primaryimage\",\"url\":\"https:\\\/\\\/i0.wp.com\\\/emprenderenfiestas.com\\\/wp-content\\\/uploads\\\/2024\\\/10\\\/halloween-3.jpg?fit=1080%2C1920&ssl=1\",\"contentUrl\":\"https:\\\/\\\/i0.wp.com\\\/emprenderenfiestas.com\\\/wp-content\\\/uploads\\\/2024\\\/10\\\/halloween-3.jpg?fit=1080%2C1920&ssl=1\",\"width\":1080,\"height\":1920},{\"@type\":\"BreadcrumbList\",\"@id\":\"https:\\\/\\\/emprenderenfiestas.com\\\/index.php\\\/product\\\/guirnalda-y-figuras-decorativas-de-halloween-archivos-para-imprimir-y-cortar-a-mano\\\/#breadcrumb\",\"itemListElement\":[{\"@type\":\"ListItem\",\"position\":1,\"name\":\"Inicio\",\"item\":\"https:\\\/\\\/emprenderenfiestas.com\\\/\"},{\"@type\":\"ListItem\",\"position\":2,\"name\":\"Shop\",\"item\":\"https:\\\/\\\/emprenderenfiestas.com\\\/index.php\\\/shop\\\/\"},{\"@type\":\"ListItem\",\"position\":3,\"name\":\"Guirnalda y Figuras decorativas de Halloween &#8211; Archivos para imprimir y cortar a mano\"}]},{\"@type\":\"WebSite\",\"@id\":\"https:\\\/\\\/emprenderenfiestas.com\\\/#website\",\"url\":\"https:\\\/\\\/emprenderenfiestas.com\\\/\",\"name\":\"Emprender en Fiestas\",\"description\":\"Cursos para emprender en eventos\",\"publisher\":{\"@id\":\"https:\\\/\\\/emprenderenfiestas.com\\\/#\\\/schema\\\/person\\\/7ae3f63e8e0d298333f421659b10fec6\"},\"potentialAction\":[{\"@type\":\"SearchAction\",\"target\":{\"@type\":\"EntryPoint\",\"urlTemplate\":\"https:\\\/\\\/emprenderenfiestas.com\\\/?s={search_term_string}\"},\"query-input\":{\"@type\":\"PropertyValueSpecification\",\"valueRequired\":true,\"valueName\":\"search_term_string\"}}],\"inLanguage\":\"es-AR\"},{\"@type\":[\"Person\",\"Organization\"],\"@id\":\"https:\\\/\\\/emprenderenfiestas.com\\\/#\\\/schema\\\/person\\\/7ae3f63e8e0d298333f421659b10fec6\",\"name\":\"Daniela Dana\",\"image\":{\"@type\":\"ImageObject\",\"inLanguage\":\"es-AR\",\"@id\":\"https:\\\/\\\/i0.wp.com\\\/emprenderenfiestas.com\\\/wp-content\\\/uploads\\\/2023\\\/06\\\/Mesa-de-trabajo-3%402x-e1742245783883.png?fit=2400%2C928&ssl=1\",\"url\":\"https:\\\/\\\/i0.wp.com\\\/emprenderenfiestas.com\\\/wp-content\\\/uploads\\\/2023\\\/06\\\/Mesa-de-trabajo-3%402x-e1742245783883.png?fit=2400%2C928&ssl=1\",\"contentUrl\":\"https:\\\/\\\/i0.wp.com\\\/emprenderenfiestas.com\\\/wp-content\\\/uploads\\\/2023\\\/06\\\/Mesa-de-trabajo-3%402x-e1742245783883.png?fit=2400%2C928&ssl=1\",\"width\":2400,\"height\":928,\"caption\":\"Daniela Dana\"},\"logo\":{\"@id\":\"https:\\\/\\\/i0.wp.com\\\/emprenderenfiestas.com\\\/wp-content\\\/uploads\\\/2023\\\/06\\\/Mesa-de-trabajo-3%402x-e1742245783883.png?fit=2400%2C928&ssl=1\"}}]}<\/script>\n<!-- \/ Yoast SEO plugin. -->","yoast_head_json":{"title":"Guirnalda y Figuras decorativas de Halloween - Archivos para imprimir y cortar a mano - emprenderenfiestas.com","description":"Transforma cualquier espacio en un escenario de Halloween con \u00e9sta guirnalda decorativa dise\u00f1ada especialmente para usar con plotter de corte. Los archivos de descarga est\u00e1n disponibles en PDF incluyendo figuras ic\u00f3nicas como calabazas sonrientes, fantasmas juguetones y murci\u00e9lagos misteriosos. Perfectos para colgar en paredes, puertas o sobre la mesa de dulces, \u00a1es la manera m\u00e1s r\u00e1pida y f\u00e1cil de crear una decoraci\u00f3n espectacular! La guirnalda es totalmente personalizable, as\u00ed que puedes cambiar el tama\u00f1o o los colores para que se adapten al estilo de tu fiesta. Armarla es muy sencillo. Ideal para fiestas tem\u00e1ticas de Halloween, reuniones familiares o para decorar el hogar y recibir a los peque\u00f1os en busca de dulces.","robots":{"index":"index","follow":"follow","max-snippet":"max-snippet:-1","max-image-preview":"max-image-preview:large","max-video-preview":"max-video-preview:-1"},"canonical":"https:\/\/emprenderenfiestas.com\/index.php\/product\/guirnalda-y-figuras-decorativas-de-halloween-archivos-para-imprimir-y-cortar-a-mano\/","og_locale":"es_ES","og_type":"article","og_title":"Guirnalda y Figuras decorativas de Halloween - Archivos para imprimir y cortar a mano - emprenderenfiestas.com","og_description":"Transforma cualquier espacio en un escenario de Halloween con \u00e9sta guirnalda decorativa dise\u00f1ada especialmente para usar con plotter de corte. Los archivos de descarga est\u00e1n disponibles en PDF incluyendo figuras ic\u00f3nicas como calabazas sonrientes, fantasmas juguetones y murci\u00e9lagos misteriosos. Perfectos para colgar en paredes, puertas o sobre la mesa de dulces, \u00a1es la manera m\u00e1s r\u00e1pida y f\u00e1cil de crear una decoraci\u00f3n espectacular! La guirnalda es totalmente personalizable, as\u00ed que puedes cambiar el tama\u00f1o o los colores para que se adapten al estilo de tu fiesta. Armarla es muy sencillo. Ideal para fiestas tem\u00e1ticas de Halloween, reuniones familiares o para decorar el hogar y recibir a los peque\u00f1os en busca de dulces.","og_url":"https:\/\/emprenderenfiestas.com\/index.php\/product\/guirnalda-y-figuras-decorativas-de-halloween-archivos-para-imprimir-y-cortar-a-mano\/","og_site_name":"emprenderenfiestas.com","article_modified_time":"2025-10-10T18:36:50+00:00","og_image":[{"width":1080,"height":1920,"url":"https:\/\/emprenderenfiestas.com\/wp-content\/uploads\/2024\/10\/halloween-3.jpg","type":"image\/jpeg"}],"twitter_card":"summary_large_image","twitter_misc":{"Tiempo de lectura":"1 minuto"},"schema":{"@context":"https:\/\/schema.org","@graph":[{"@type":"WebPage","@id":"https:\/\/emprenderenfiestas.com\/index.php\/product\/guirnalda-y-figuras-decorativas-de-halloween-archivos-para-imprimir-y-cortar-a-mano\/","url":"https:\/\/emprenderenfiestas.com\/index.php\/product\/guirnalda-y-figuras-decorativas-de-halloween-archivos-para-imprimir-y-cortar-a-mano\/","name":"Guirnalda y Figuras decorativas de Halloween - Archivos para imprimir y cortar a mano - emprenderenfiestas.com","isPartOf":{"@id":"https:\/\/emprenderenfiestas.com\/#website"},"primaryImageOfPage":{"@id":"https:\/\/emprenderenfiestas.com\/index.php\/product\/guirnalda-y-figuras-decorativas-de-halloween-archivos-para-imprimir-y-cortar-a-mano\/#primaryimage"},"image":{"@id":"https:\/\/emprenderenfiestas.com\/index.php\/product\/guirnalda-y-figuras-decorativas-de-halloween-archivos-para-imprimir-y-cortar-a-mano\/#primaryimage"},"thumbnailUrl":"https:\/\/i0.wp.com\/emprenderenfiestas.com\/wp-content\/uploads\/2024\/10\/halloween-3.jpg?fit=1080%2C1920&ssl=1","datePublished":"2024-10-28T15:20:02+00:00","dateModified":"2025-10-10T18:36:50+00:00","description":"Transforma cualquier espacio en un escenario de Halloween con \u00e9sta guirnalda decorativa dise\u00f1ada especialmente para usar con plotter de corte. Los archivos de descarga est\u00e1n disponibles en PDF incluyendo figuras ic\u00f3nicas como calabazas sonrientes, fantasmas juguetones y murci\u00e9lagos misteriosos. Perfectos para colgar en paredes, puertas o sobre la mesa de dulces, \u00a1es la manera m\u00e1s r\u00e1pida y f\u00e1cil de crear una decoraci\u00f3n espectacular! La guirnalda es totalmente personalizable, as\u00ed que puedes cambiar el tama\u00f1o o los colores para que se adapten al estilo de tu fiesta. Armarla es muy sencillo. Ideal para fiestas tem\u00e1ticas de Halloween, reuniones familiares o para decorar el hogar y recibir a los peque\u00f1os en busca de dulces.","breadcrumb":{"@id":"https:\/\/emprenderenfiestas.com\/index.php\/product\/guirnalda-y-figuras-decorativas-de-halloween-archivos-para-imprimir-y-cortar-a-mano\/#breadcrumb"},"inLanguage":"es-AR","potentialAction":[{"@type":"ReadAction","target":["https:\/\/emprenderenfiestas.com\/index.php\/product\/guirnalda-y-figuras-decorativas-de-halloween-archivos-para-imprimir-y-cortar-a-mano\/"]}]},{"@type":"ImageObject","inLanguage":"es-AR","@id":"https:\/\/emprenderenfiestas.com\/index.php\/product\/guirnalda-y-figuras-decorativas-de-halloween-archivos-para-imprimir-y-cortar-a-mano\/#primaryimage","url":"https:\/\/i0.wp.com\/emprenderenfiestas.com\/wp-content\/uploads\/2024\/10\/halloween-3.jpg?fit=1080%2C1920&ssl=1","contentUrl":"https:\/\/i0.wp.com\/emprenderenfiestas.com\/wp-content\/uploads\/2024\/10\/halloween-3.jpg?fit=1080%2C1920&ssl=1","width":1080,"height":1920},{"@type":"BreadcrumbList","@id":"https:\/\/emprenderenfiestas.com\/index.php\/product\/guirnalda-y-figuras-decorativas-de-halloween-archivos-para-imprimir-y-cortar-a-mano\/#breadcrumb","itemListElement":[{"@type":"ListItem","position":1,"name":"Inicio","item":"https:\/\/emprenderenfiestas.com\/"},{"@type":"ListItem","position":2,"name":"Shop","item":"https:\/\/emprenderenfiestas.com\/index.php\/shop\/"},{"@type":"ListItem","position":3,"name":"Guirnalda y Figuras decorativas de Halloween &#8211; Archivos para imprimir y cortar a mano"}]},{"@type":"WebSite","@id":"https:\/\/emprenderenfiestas.com\/#website","url":"https:\/\/emprenderenfiestas.com\/","name":"Emprender en Fiestas","description":"Cursos para emprender en eventos","publisher":{"@id":"https:\/\/emprenderenfiestas.com\/#\/schema\/person\/7ae3f63e8e0d298333f421659b10fec6"},"potentialAction":[{"@type":"SearchAction","target":{"@type":"EntryPoint","urlTemplate":"https:\/\/emprenderenfiestas.com\/?s={search_term_string}"},"query-input":{"@type":"PropertyValueSpecification","valueRequired":true,"valueName":"search_term_string"}}],"inLanguage":"es-AR"},{"@type":["Person","Organization"],"@id":"https:\/\/emprenderenfiestas.com\/#\/schema\/person\/7ae3f63e8e0d298333f421659b10fec6","name":"Daniela Dana","image":{"@type":"ImageObject","inLanguage":"es-AR","@id":"https:\/\/i0.wp.com\/emprenderenfiestas.com\/wp-content\/uploads\/2023\/06\/Mesa-de-trabajo-3%402x-e1742245783883.png?fit=2400%2C928&ssl=1","url":"https:\/\/i0.wp.com\/emprenderenfiestas.com\/wp-content\/uploads\/2023\/06\/Mesa-de-trabajo-3%402x-e1742245783883.png?fit=2400%2C928&ssl=1","contentUrl":"https:\/\/i0.wp.com\/emprenderenfiestas.com\/wp-content\/uploads\/2023\/06\/Mesa-de-trabajo-3%402x-e1742245783883.png?fit=2400%2C928&ssl=1","width":2400,"height":928,"caption":"Daniela Dana"},"logo":{"@id":"https:\/\/i0.wp.com\/emprenderenfiestas.com\/wp-content\/uploads\/2023\/06\/Mesa-de-trabajo-3%402x-e1742245783883.png?fit=2400%2C928&ssl=1"}}]}},"jetpack_publicize_connections":[],"jetpack_sharing_enabled":true,"jetpack_likes_enabled":true,"jetpack-related-posts":[],"_links":{"self":[{"href":"https:\/\/emprenderenfiestas.com\/index.php\/wp-json\/wp\/v2\/product\/27722","targetHints":{"allow":["GET"]}}],"collection":[{"href":"https:\/\/emprenderenfiestas.com\/index.php\/wp-json\/wp\/v2\/product"}],"about":[{"href":"https:\/\/emprenderenfiestas.com\/index.php\/wp-json\/wp\/v2\/types\/product"}],"replies":[{"embeddable":true,"href":"https:\/\/emprenderenfiestas.com\/index.php\/wp-json\/wp\/v2\/comments?post=27722"}],"version-history":[{"count":2,"href":"https:\/\/emprenderenfiestas.com\/index.php\/wp-json\/wp\/v2\/product\/27722\/revisions"}],"predecessor-version":[{"id":30265,"href":"https:\/\/emprenderenfiestas.com\/index.php\/wp-json\/wp\/v2\/product\/27722\/revisions\/30265"}],"wp:featuredmedia":[{"embeddable":true,"href":"https:\/\/emprenderenfiestas.com\/index.php\/wp-json\/wp\/v2\/media\/27368"}],"wp:attachment":[{"href":"https:\/\/emprenderenfiestas.com\/index.php\/wp-json\/wp\/v2\/media?parent=27722"}],"wp:term":[{"taxonomy":"product_brand","embeddable":true,"href":"https:\/\/emprenderenfiestas.com\/index.php\/wp-json\/wp\/v2\/product_brand?post=27722"},{"taxonomy":"product_cat","embeddable":true,"href":"https:\/\/emprenderenfiestas.com\/index.php\/wp-json\/wp\/v2\/product_cat?post=27722"},{"taxonomy":"product_tag","embeddable":true,"href":"https:\/\/emprenderenfiestas.com\/index.php\/wp-json\/wp\/v2\/product_tag?post=27722"}],"curies":[{"name":"wp","href":"https:\/\/api.w.org\/{rel}","templated":true}]}}