{"id":27409,"date":"2024-10-08T14:09:31","date_gmt":"2024-10-08T17:09:31","guid":{"rendered":"https:\/\/emprenderenfiestas.com\/?post_type=product&#038;p=27409"},"modified":"2025-10-14T15:40:16","modified_gmt":"2025-10-14T18:40:16","slug":"bolsitahalloween","status":"publish","type":"product","link":"https:\/\/emprenderenfiestas.com\/index.php\/product\/bolsitahalloween\/","title":{"rendered":"Bolsitas para dulces de Halloween &#8211; Archivos para Plotter de Corte"},"content":{"rendered":"\t\t<div data-elementor-type=\"wp-post\" data-elementor-id=\"27409\" class=\"elementor elementor-27409\" data-elementor-post-type=\"product\">\n\t\t\t\t<div class=\"elementor-element elementor-element-6daf16a9 e-flex e-con-boxed e-con e-parent\" data-id=\"6daf16a9\" data-element_type=\"container\" data-e-type=\"container\">\n\t\t\t\t\t<div class=\"e-con-inner\">\n\t\t\t\t<div class=\"elementor-element elementor-element-4bdd18f7 elementor-widget elementor-widget-text-editor\" data-id=\"4bdd18f7\" data-element_type=\"widget\" data-e-type=\"widget\" data-widget_type=\"text-editor.default\">\n\t\t\t\t<div class=\"elementor-widget-container\">\n\t\t\t\t\t\t\t\t\t<p>Finalizada la compra, recibir\u00e1s un mail con el acceso a la descarga de 1 archivo comprimido .ZIP para descomprimir en la computadora con todos los patrones.<\/p><p>\u00a0<\/p><p><em>Este producto Copyright Silvestre y Divertido &#8211; 27337960117 &#8211; 2024. Todos los derechos reservados.\u00a0<\/em><\/p>\t\t\t\t\t\t\t\t<\/div>\n\t\t\t\t<\/div>\n\t\t\t\t\t<\/div>\n\t\t\t\t<\/div>\n\t\t\t\t<\/div>\n\t\t","protected":false},"excerpt":{"rendered":"<p>Bolsitas para Dulces de Halloween \u2013 Dise\u00f1os para Plotter de Corte.. Estas bolsitas son perfectas para personalizar y crear tus propios detalles tem\u00e1ticos. Los archivos de descarga vienen en CWPRJ, DXF y SVG, lo que te permitir\u00e1 cortar y ensamblar f\u00e1cilmente bolsitas decorativas con cualquier plotter compatible. Son ideales para fiestas infantiles, eventos tem\u00e1ticos o simplemente para repartir entre amigos y familiares. Cada bolsa tiene el tama\u00f1o perfecto para llenarlas de caramelos, chocolates y peque\u00f1os obsequios, \u00a1un detalle que todos amar\u00e1n! Compatible con plotters como Cricut, Silhouette y Scanncut, este proyecto es ideal para quienes disfrutan de las manualidades y buscan a\u00f1adir un toque personal y creativo a su celebraci\u00f3n de Halloween.<\/p>\n<ul>\n<li>Tutorial con el paso a paso del armado de <strong>Dai de Silvestre y Divertido<\/strong>.<\/li>\n<li>Patrones para que puedas cortar con plotter. (Formato .svg &#8211; Formato .dxf &#8211; Formato .cwprj que es exclusivamente para Canvas Workspace de Brother Scanncut.)<\/li>\n<\/ul>\n","protected":false},"featured_media":27367,"comment_status":"open","ping_status":"closed","template":"","meta":{"site-sidebar-layout":"default","site-content-layout":"","ast-site-content-layout":"default","site-content-style":"default","site-sidebar-style":"default","ast-global-header-display":"","ast-banner-title-visibility":"","ast-main-header-display":"","ast-hfb-above-header-display":"","ast-hfb-below-header-display":"","ast-hfb-mobile-header-display":"","site-post-title":"","ast-breadcrumbs-content":"","ast-featured-img":"","footer-sml-layout":"","ast-disable-related-posts":"","theme-transparent-header-meta":"default","adv-header-id-meta":"","stick-header-meta":"","header-above-stick-meta":"","header-main-stick-meta":"","header-below-stick-meta":"","astra-migrate-meta-layouts":"set","ast-page-background-enabled":"default","ast-page-background-meta":{"desktop":{"background-color":"var(--ast-global-color-4)","background-image":"","background-repeat":"repeat","background-position":"center center","background-size":"auto","background-attachment":"scroll","background-type":"","background-media":"","overlay-type":"","overlay-color":"","overlay-opacity":"","overlay-gradient":""},"tablet":{"background-color":"","background-image":"","background-repeat":"repeat","background-position":"center center","background-size":"auto","background-attachment":"scroll","background-type":"","background-media":"","overlay-type":"","overlay-color":"","overlay-opacity":"","overlay-gradient":""},"mobile":{"background-color":"","background-image":"","background-repeat":"repeat","background-position":"center center","background-size":"auto","background-attachment":"scroll","background-type":"","background-media":"","overlay-type":"","overlay-color":"","overlay-opacity":"","overlay-gradient":""}},"ast-content-background-meta":{"desktop":{"background-color":"var(--ast-global-color-5)","background-image":"","background-repeat":"repeat","background-position":"center center","background-size":"auto","background-attachment":"scroll","background-type":"","background-media":"","overlay-type":"","overlay-color":"","overlay-opacity":"","overlay-gradient":""},"tablet":{"background-color":"var(--ast-global-color-5)","background-image":"","background-repeat":"repeat","background-position":"center center","background-size":"auto","background-attachment":"scroll","background-type":"","background-media":"","overlay-type":"","overlay-color":"","overlay-opacity":"","overlay-gradient":""},"mobile":{"background-color":"var(--ast-global-color-5)","background-image":"","background-repeat":"repeat","background-position":"center center","background-size":"auto","background-attachment":"scroll","background-type":"","background-media":"","overlay-type":"","overlay-color":"","overlay-opacity":"","overlay-gradient":""}},"jetpack_post_was_ever_published":false,"jetpack_publicize_message":"","jetpack_publicize_feature_enabled":true,"jetpack_social_post_already_shared":false,"jetpack_social_options":{"image_generator_settings":{"template":"highway","default_image_id":0,"font":"","enabled":false},"version":2}},"product_brand":[],"product_cat":[426,149,422,416,28,414,431,173,417,432,415],"product_tag":[351,37,24,346,268,26,270,271,347],"class_list":{"0":"post-27409","1":"product","2":"type-product","3":"status-publish","4":"has-post-thumbnail","6":"product_cat-brother","7":"product_cat-imprimibles","8":"product_cat-intermedio","9":"product_cat-modalidad","10":"product_cat-moldes-candy-letras3d","11":"product_cat-nivel","12":"product_cat-papeleria","13":"product_cat-patrones-syd","14":"product_cat-programa","15":"product_cat-scanncut-brother","16":"product_cat-tematica","17":"product_tag-bolsitas-golosineras","18":"product_tag-candy-bar","19":"product_tag-decoracion-en-papel","20":"product_tag-halloween","21":"product_tag-imprimibles","22":"product_tag-kits-imprimibles","23":"product_tag-papeleria-creativa","24":"product_tag-papeleria-para-eventos","25":"product_tag-papeleria-para-halloween","26":"desktop-align-center","27":"tablet-align-left","28":"mobile-align-left","30":"first","31":"instock","32":"downloadable","33":"virtual","34":"purchasable","35":"product-type-simple"},"yoast_head":"<!-- This site is optimized with the Yoast SEO plugin v27.3 - https:\/\/yoast.com\/product\/yoast-seo-wordpress\/ -->\n<title>Bolsitas para dulces de Halloween - Archivos para Plotter de Corte - emprenderenfiestas.com<\/title>\n<meta name=\"description\" content=\"Bolsitas para Dulces de Halloween \u2013 Dise\u00f1os para Plotter de Corte.. Estas bolsitas son perfectas para personalizar y crear tus propios detalles tem\u00e1ticos. Los archivos de descarga vienen en CWPRJ, DXF y SVG, lo que te permitir\u00e1 cortar y ensamblar f\u00e1cilmente bolsitas decorativas con cualquier plotter compatible. Son ideales para fiestas infantiles, eventos tem\u00e1ticos o simplemente para repartir entre amigos y familiares. Cada bolsa tiene el tama\u00f1o perfecto para llenarlas de caramelos, chocolates y peque\u00f1os obsequios, \u00a1un detalle que todos amar\u00e1n! Compatible con plotters como Cricut, Silhouette y Scanncut, este proyecto es ideal para quienes disfrutan de las manualidades y buscan a\u00f1adir un toque personal y creativo a su celebraci\u00f3n de Halloween.\" \/>\n<meta name=\"robots\" content=\"index, follow, max-snippet:-1, max-image-preview:large, max-video-preview:-1\" \/>\n<link rel=\"canonical\" href=\"https:\/\/emprenderenfiestas.com\/index.php\/product\/bolsitahalloween\/\" \/>\n<meta property=\"og:locale\" content=\"es_ES\" \/>\n<meta property=\"og:type\" content=\"article\" \/>\n<meta property=\"og:title\" content=\"Bolsitas para dulces de Halloween - Archivos para Plotter de Corte - emprenderenfiestas.com\" \/>\n<meta property=\"og:description\" content=\"Bolsitas para Dulces de Halloween \u2013 Dise\u00f1os para Plotter de Corte.. Estas bolsitas son perfectas para personalizar y crear tus propios detalles tem\u00e1ticos. Los archivos de descarga vienen en CWPRJ, DXF y SVG, lo que te permitir\u00e1 cortar y ensamblar f\u00e1cilmente bolsitas decorativas con cualquier plotter compatible. Son ideales para fiestas infantiles, eventos tem\u00e1ticos o simplemente para repartir entre amigos y familiares. Cada bolsa tiene el tama\u00f1o perfecto para llenarlas de caramelos, chocolates y peque\u00f1os obsequios, \u00a1un detalle que todos amar\u00e1n! Compatible con plotters como Cricut, Silhouette y Scanncut, este proyecto es ideal para quienes disfrutan de las manualidades y buscan a\u00f1adir un toque personal y creativo a su celebraci\u00f3n de Halloween.\" \/>\n<meta property=\"og:url\" content=\"https:\/\/emprenderenfiestas.com\/index.php\/product\/bolsitahalloween\/\" \/>\n<meta property=\"og:site_name\" content=\"emprenderenfiestas.com\" \/>\n<meta property=\"article:modified_time\" content=\"2025-10-14T18:40:16+00:00\" \/>\n<meta property=\"og:image\" content=\"https:\/\/emprenderenfiestas.com\/wp-content\/uploads\/2024\/10\/Halloween-31.jpg\" \/>\n\t<meta property=\"og:image:width\" content=\"1080\" \/>\n\t<meta property=\"og:image:height\" content=\"1350\" \/>\n\t<meta property=\"og:image:type\" content=\"image\/jpeg\" \/>\n<meta name=\"twitter:card\" content=\"summary_large_image\" \/>\n<meta name=\"twitter:label1\" content=\"Tiempo de lectura\" \/>\n\t<meta name=\"twitter:data1\" content=\"1 minuto\" \/>\n<script type=\"application\/ld+json\" class=\"yoast-schema-graph\">{\"@context\":\"https:\\\/\\\/schema.org\",\"@graph\":[{\"@type\":\"WebPage\",\"@id\":\"https:\\\/\\\/emprenderenfiestas.com\\\/index.php\\\/product\\\/bolsitahalloween\\\/\",\"url\":\"https:\\\/\\\/emprenderenfiestas.com\\\/index.php\\\/product\\\/bolsitahalloween\\\/\",\"name\":\"Bolsitas para dulces de Halloween - Archivos para Plotter de Corte - emprenderenfiestas.com\",\"isPartOf\":{\"@id\":\"https:\\\/\\\/emprenderenfiestas.com\\\/#website\"},\"primaryImageOfPage\":{\"@id\":\"https:\\\/\\\/emprenderenfiestas.com\\\/index.php\\\/product\\\/bolsitahalloween\\\/#primaryimage\"},\"image\":{\"@id\":\"https:\\\/\\\/emprenderenfiestas.com\\\/index.php\\\/product\\\/bolsitahalloween\\\/#primaryimage\"},\"thumbnailUrl\":\"https:\\\/\\\/i0.wp.com\\\/emprenderenfiestas.com\\\/wp-content\\\/uploads\\\/2024\\\/10\\\/Halloween-31.jpg?fit=1080%2C1350&ssl=1\",\"datePublished\":\"2024-10-08T17:09:31+00:00\",\"dateModified\":\"2025-10-14T18:40:16+00:00\",\"description\":\"Bolsitas para Dulces de Halloween \u2013 Dise\u00f1os para Plotter de Corte.. Estas bolsitas son perfectas para personalizar y crear tus propios detalles tem\u00e1ticos. Los archivos de descarga vienen en CWPRJ, DXF y SVG, lo que te permitir\u00e1 cortar y ensamblar f\u00e1cilmente bolsitas decorativas con cualquier plotter compatible. Son ideales para fiestas infantiles, eventos tem\u00e1ticos o simplemente para repartir entre amigos y familiares. Cada bolsa tiene el tama\u00f1o perfecto para llenarlas de caramelos, chocolates y peque\u00f1os obsequios, \u00a1un detalle que todos amar\u00e1n! Compatible con plotters como Cricut, Silhouette y Scanncut, este proyecto es ideal para quienes disfrutan de las manualidades y buscan a\u00f1adir un toque personal y creativo a su celebraci\u00f3n de Halloween.\",\"breadcrumb\":{\"@id\":\"https:\\\/\\\/emprenderenfiestas.com\\\/index.php\\\/product\\\/bolsitahalloween\\\/#breadcrumb\"},\"inLanguage\":\"es-AR\",\"potentialAction\":[{\"@type\":\"ReadAction\",\"target\":[\"https:\\\/\\\/emprenderenfiestas.com\\\/index.php\\\/product\\\/bolsitahalloween\\\/\"]}]},{\"@type\":\"ImageObject\",\"inLanguage\":\"es-AR\",\"@id\":\"https:\\\/\\\/emprenderenfiestas.com\\\/index.php\\\/product\\\/bolsitahalloween\\\/#primaryimage\",\"url\":\"https:\\\/\\\/i0.wp.com\\\/emprenderenfiestas.com\\\/wp-content\\\/uploads\\\/2024\\\/10\\\/Halloween-31.jpg?fit=1080%2C1350&ssl=1\",\"contentUrl\":\"https:\\\/\\\/i0.wp.com\\\/emprenderenfiestas.com\\\/wp-content\\\/uploads\\\/2024\\\/10\\\/Halloween-31.jpg?fit=1080%2C1350&ssl=1\",\"width\":1080,\"height\":1350},{\"@type\":\"BreadcrumbList\",\"@id\":\"https:\\\/\\\/emprenderenfiestas.com\\\/index.php\\\/product\\\/bolsitahalloween\\\/#breadcrumb\",\"itemListElement\":[{\"@type\":\"ListItem\",\"position\":1,\"name\":\"Inicio\",\"item\":\"https:\\\/\\\/emprenderenfiestas.com\\\/\"},{\"@type\":\"ListItem\",\"position\":2,\"name\":\"Shop\",\"item\":\"https:\\\/\\\/emprenderenfiestas.com\\\/index.php\\\/shop\\\/\"},{\"@type\":\"ListItem\",\"position\":3,\"name\":\"Bolsitas para dulces de Halloween &#8211; Archivos para Plotter de Corte\"}]},{\"@type\":\"WebSite\",\"@id\":\"https:\\\/\\\/emprenderenfiestas.com\\\/#website\",\"url\":\"https:\\\/\\\/emprenderenfiestas.com\\\/\",\"name\":\"Emprender en Fiestas\",\"description\":\"Cursos para emprender en eventos\",\"publisher\":{\"@id\":\"https:\\\/\\\/emprenderenfiestas.com\\\/#\\\/schema\\\/person\\\/7ae3f63e8e0d298333f421659b10fec6\"},\"potentialAction\":[{\"@type\":\"SearchAction\",\"target\":{\"@type\":\"EntryPoint\",\"urlTemplate\":\"https:\\\/\\\/emprenderenfiestas.com\\\/?s={search_term_string}\"},\"query-input\":{\"@type\":\"PropertyValueSpecification\",\"valueRequired\":true,\"valueName\":\"search_term_string\"}}],\"inLanguage\":\"es-AR\"},{\"@type\":[\"Person\",\"Organization\"],\"@id\":\"https:\\\/\\\/emprenderenfiestas.com\\\/#\\\/schema\\\/person\\\/7ae3f63e8e0d298333f421659b10fec6\",\"name\":\"Daniela Dana\",\"image\":{\"@type\":\"ImageObject\",\"inLanguage\":\"es-AR\",\"@id\":\"https:\\\/\\\/i0.wp.com\\\/emprenderenfiestas.com\\\/wp-content\\\/uploads\\\/2023\\\/06\\\/Mesa-de-trabajo-3%402x-e1742245783883.png?fit=2400%2C928&ssl=1\",\"url\":\"https:\\\/\\\/i0.wp.com\\\/emprenderenfiestas.com\\\/wp-content\\\/uploads\\\/2023\\\/06\\\/Mesa-de-trabajo-3%402x-e1742245783883.png?fit=2400%2C928&ssl=1\",\"contentUrl\":\"https:\\\/\\\/i0.wp.com\\\/emprenderenfiestas.com\\\/wp-content\\\/uploads\\\/2023\\\/06\\\/Mesa-de-trabajo-3%402x-e1742245783883.png?fit=2400%2C928&ssl=1\",\"width\":2400,\"height\":928,\"caption\":\"Daniela Dana\"},\"logo\":{\"@id\":\"https:\\\/\\\/i0.wp.com\\\/emprenderenfiestas.com\\\/wp-content\\\/uploads\\\/2023\\\/06\\\/Mesa-de-trabajo-3%402x-e1742245783883.png?fit=2400%2C928&ssl=1\"}}]}<\/script>\n<!-- \/ Yoast SEO plugin. -->","yoast_head_json":{"title":"Bolsitas para dulces de Halloween - Archivos para Plotter de Corte - emprenderenfiestas.com","description":"Bolsitas para Dulces de Halloween \u2013 Dise\u00f1os para Plotter de Corte.. Estas bolsitas son perfectas para personalizar y crear tus propios detalles tem\u00e1ticos. Los archivos de descarga vienen en CWPRJ, DXF y SVG, lo que te permitir\u00e1 cortar y ensamblar f\u00e1cilmente bolsitas decorativas con cualquier plotter compatible. Son ideales para fiestas infantiles, eventos tem\u00e1ticos o simplemente para repartir entre amigos y familiares. Cada bolsa tiene el tama\u00f1o perfecto para llenarlas de caramelos, chocolates y peque\u00f1os obsequios, \u00a1un detalle que todos amar\u00e1n! Compatible con plotters como Cricut, Silhouette y Scanncut, este proyecto es ideal para quienes disfrutan de las manualidades y buscan a\u00f1adir un toque personal y creativo a su celebraci\u00f3n de Halloween.","robots":{"index":"index","follow":"follow","max-snippet":"max-snippet:-1","max-image-preview":"max-image-preview:large","max-video-preview":"max-video-preview:-1"},"canonical":"https:\/\/emprenderenfiestas.com\/index.php\/product\/bolsitahalloween\/","og_locale":"es_ES","og_type":"article","og_title":"Bolsitas para dulces de Halloween - Archivos para Plotter de Corte - emprenderenfiestas.com","og_description":"Bolsitas para Dulces de Halloween \u2013 Dise\u00f1os para Plotter de Corte.. Estas bolsitas son perfectas para personalizar y crear tus propios detalles tem\u00e1ticos. Los archivos de descarga vienen en CWPRJ, DXF y SVG, lo que te permitir\u00e1 cortar y ensamblar f\u00e1cilmente bolsitas decorativas con cualquier plotter compatible. Son ideales para fiestas infantiles, eventos tem\u00e1ticos o simplemente para repartir entre amigos y familiares. Cada bolsa tiene el tama\u00f1o perfecto para llenarlas de caramelos, chocolates y peque\u00f1os obsequios, \u00a1un detalle que todos amar\u00e1n! Compatible con plotters como Cricut, Silhouette y Scanncut, este proyecto es ideal para quienes disfrutan de las manualidades y buscan a\u00f1adir un toque personal y creativo a su celebraci\u00f3n de Halloween.","og_url":"https:\/\/emprenderenfiestas.com\/index.php\/product\/bolsitahalloween\/","og_site_name":"emprenderenfiestas.com","article_modified_time":"2025-10-14T18:40:16+00:00","og_image":[{"width":1080,"height":1350,"url":"https:\/\/emprenderenfiestas.com\/wp-content\/uploads\/2024\/10\/Halloween-31.jpg","type":"image\/jpeg"}],"twitter_card":"summary_large_image","twitter_misc":{"Tiempo de lectura":"1 minuto"},"schema":{"@context":"https:\/\/schema.org","@graph":[{"@type":"WebPage","@id":"https:\/\/emprenderenfiestas.com\/index.php\/product\/bolsitahalloween\/","url":"https:\/\/emprenderenfiestas.com\/index.php\/product\/bolsitahalloween\/","name":"Bolsitas para dulces de Halloween - Archivos para Plotter de Corte - emprenderenfiestas.com","isPartOf":{"@id":"https:\/\/emprenderenfiestas.com\/#website"},"primaryImageOfPage":{"@id":"https:\/\/emprenderenfiestas.com\/index.php\/product\/bolsitahalloween\/#primaryimage"},"image":{"@id":"https:\/\/emprenderenfiestas.com\/index.php\/product\/bolsitahalloween\/#primaryimage"},"thumbnailUrl":"https:\/\/i0.wp.com\/emprenderenfiestas.com\/wp-content\/uploads\/2024\/10\/Halloween-31.jpg?fit=1080%2C1350&ssl=1","datePublished":"2024-10-08T17:09:31+00:00","dateModified":"2025-10-14T18:40:16+00:00","description":"Bolsitas para Dulces de Halloween \u2013 Dise\u00f1os para Plotter de Corte.. Estas bolsitas son perfectas para personalizar y crear tus propios detalles tem\u00e1ticos. Los archivos de descarga vienen en CWPRJ, DXF y SVG, lo que te permitir\u00e1 cortar y ensamblar f\u00e1cilmente bolsitas decorativas con cualquier plotter compatible. Son ideales para fiestas infantiles, eventos tem\u00e1ticos o simplemente para repartir entre amigos y familiares. Cada bolsa tiene el tama\u00f1o perfecto para llenarlas de caramelos, chocolates y peque\u00f1os obsequios, \u00a1un detalle que todos amar\u00e1n! Compatible con plotters como Cricut, Silhouette y Scanncut, este proyecto es ideal para quienes disfrutan de las manualidades y buscan a\u00f1adir un toque personal y creativo a su celebraci\u00f3n de Halloween.","breadcrumb":{"@id":"https:\/\/emprenderenfiestas.com\/index.php\/product\/bolsitahalloween\/#breadcrumb"},"inLanguage":"es-AR","potentialAction":[{"@type":"ReadAction","target":["https:\/\/emprenderenfiestas.com\/index.php\/product\/bolsitahalloween\/"]}]},{"@type":"ImageObject","inLanguage":"es-AR","@id":"https:\/\/emprenderenfiestas.com\/index.php\/product\/bolsitahalloween\/#primaryimage","url":"https:\/\/i0.wp.com\/emprenderenfiestas.com\/wp-content\/uploads\/2024\/10\/Halloween-31.jpg?fit=1080%2C1350&ssl=1","contentUrl":"https:\/\/i0.wp.com\/emprenderenfiestas.com\/wp-content\/uploads\/2024\/10\/Halloween-31.jpg?fit=1080%2C1350&ssl=1","width":1080,"height":1350},{"@type":"BreadcrumbList","@id":"https:\/\/emprenderenfiestas.com\/index.php\/product\/bolsitahalloween\/#breadcrumb","itemListElement":[{"@type":"ListItem","position":1,"name":"Inicio","item":"https:\/\/emprenderenfiestas.com\/"},{"@type":"ListItem","position":2,"name":"Shop","item":"https:\/\/emprenderenfiestas.com\/index.php\/shop\/"},{"@type":"ListItem","position":3,"name":"Bolsitas para dulces de Halloween &#8211; Archivos para Plotter de Corte"}]},{"@type":"WebSite","@id":"https:\/\/emprenderenfiestas.com\/#website","url":"https:\/\/emprenderenfiestas.com\/","name":"Emprender en Fiestas","description":"Cursos para emprender en eventos","publisher":{"@id":"https:\/\/emprenderenfiestas.com\/#\/schema\/person\/7ae3f63e8e0d298333f421659b10fec6"},"potentialAction":[{"@type":"SearchAction","target":{"@type":"EntryPoint","urlTemplate":"https:\/\/emprenderenfiestas.com\/?s={search_term_string}"},"query-input":{"@type":"PropertyValueSpecification","valueRequired":true,"valueName":"search_term_string"}}],"inLanguage":"es-AR"},{"@type":["Person","Organization"],"@id":"https:\/\/emprenderenfiestas.com\/#\/schema\/person\/7ae3f63e8e0d298333f421659b10fec6","name":"Daniela Dana","image":{"@type":"ImageObject","inLanguage":"es-AR","@id":"https:\/\/i0.wp.com\/emprenderenfiestas.com\/wp-content\/uploads\/2023\/06\/Mesa-de-trabajo-3%402x-e1742245783883.png?fit=2400%2C928&ssl=1","url":"https:\/\/i0.wp.com\/emprenderenfiestas.com\/wp-content\/uploads\/2023\/06\/Mesa-de-trabajo-3%402x-e1742245783883.png?fit=2400%2C928&ssl=1","contentUrl":"https:\/\/i0.wp.com\/emprenderenfiestas.com\/wp-content\/uploads\/2023\/06\/Mesa-de-trabajo-3%402x-e1742245783883.png?fit=2400%2C928&ssl=1","width":2400,"height":928,"caption":"Daniela Dana"},"logo":{"@id":"https:\/\/i0.wp.com\/emprenderenfiestas.com\/wp-content\/uploads\/2023\/06\/Mesa-de-trabajo-3%402x-e1742245783883.png?fit=2400%2C928&ssl=1"}}]}},"jetpack_publicize_connections":[],"jetpack_sharing_enabled":true,"jetpack_likes_enabled":true,"jetpack-related-posts":[],"_links":{"self":[{"href":"https:\/\/emprenderenfiestas.com\/index.php\/wp-json\/wp\/v2\/product\/27409","targetHints":{"allow":["GET"]}}],"collection":[{"href":"https:\/\/emprenderenfiestas.com\/index.php\/wp-json\/wp\/v2\/product"}],"about":[{"href":"https:\/\/emprenderenfiestas.com\/index.php\/wp-json\/wp\/v2\/types\/product"}],"replies":[{"embeddable":true,"href":"https:\/\/emprenderenfiestas.com\/index.php\/wp-json\/wp\/v2\/comments?post=27409"}],"version-history":[{"count":5,"href":"https:\/\/emprenderenfiestas.com\/index.php\/wp-json\/wp\/v2\/product\/27409\/revisions"}],"predecessor-version":[{"id":27420,"href":"https:\/\/emprenderenfiestas.com\/index.php\/wp-json\/wp\/v2\/product\/27409\/revisions\/27420"}],"wp:featuredmedia":[{"embeddable":true,"href":"https:\/\/emprenderenfiestas.com\/index.php\/wp-json\/wp\/v2\/media\/27367"}],"wp:attachment":[{"href":"https:\/\/emprenderenfiestas.com\/index.php\/wp-json\/wp\/v2\/media?parent=27409"}],"wp:term":[{"taxonomy":"product_brand","embeddable":true,"href":"https:\/\/emprenderenfiestas.com\/index.php\/wp-json\/wp\/v2\/product_brand?post=27409"},{"taxonomy":"product_cat","embeddable":true,"href":"https:\/\/emprenderenfiestas.com\/index.php\/wp-json\/wp\/v2\/product_cat?post=27409"},{"taxonomy":"product_tag","embeddable":true,"href":"https:\/\/emprenderenfiestas.com\/index.php\/wp-json\/wp\/v2\/product_tag?post=27409"}],"curies":[{"name":"wp","href":"https:\/\/api.w.org\/{rel}","templated":true}]}}